{"id":9215,"date":"2021-07-26T17:50:30","date_gmt":"2021-07-26T15:50:30","guid":{"rendered":"https:\/\/www.fredonoccitanie.com\/surveillance\/?page_id=9215"},"modified":"2024-09-05T07:49:40","modified_gmt":"2024-09-05T05:49:40","slug":"les-groupements-de-defense","status":"publish","type":"page","link":"https:\/\/www.fredonoccitanie.com\/surveillance\/viticulture\/les-groupements-de-defense\/","title":{"rendered":"Les groupements de d\u00e9fense"},"content":{"rendered":"<section  class='av_textblock_section av-ky0971kc-1ab6ca239301adfb961f18be5f7aea85 '   itemscope=\"itemscope\" itemtype=\"https:\/\/schema.org\/CreativeWork\" ><div class='avia_textblock'  itemprop=\"text\" ><h2>Les GDON : groupements de d\u00e9fense contre les organismes nuisibles<\/h2>\n<p><strong>Le<\/strong> <b>Groupement de D\u00e9fense contre les Organismes Nuisibles regroupe et aide les exploitants agricoles dans le but d\u2019organiser une lutte collective sur leur territoire<\/b>.<\/p>\n<p>Le but est de contenir la maladie en r\u00e9duisant au maximum le nombre de traitements phytosanitaires.<\/p>\n<\/div><\/section>\n<section  class='av_textblock_section av-ky097kq1-fbbd164461e166c0603236d9e01b4aef '   itemscope=\"itemscope\" itemtype=\"https:\/\/schema.org\/CreativeWork\" ><div class='avia_textblock'  itemprop=\"text\" ><ul>\n<li>Le GDON est un <b>syndicat professionnel<\/b>.<\/li>\n<li>Il est constitu\u00e9 d\u2019un <b>conseil d\u2019administration qui \u00e9lit un bureau<\/b>.<\/li>\n<li>Ses <b>limites<\/b> sont <b>communales<\/b> (ou intercommunales).<\/li>\n<li>Il est <b>rattach\u00e9 \u00e0 sa f\u00e9d\u00e9ration d\u00e9partementale <\/b>(FDGDON).<\/li>\n<li><b>Son but est d\u2019organiser la lutte localement<\/b>.<\/li>\n<\/ul>\n<\/div><\/section>\n<div  class='avia-buttonrow-wrap av-ky09chad-90fde2b6aaf38d69cb70f54dd7939bf7 avia-buttonrow-center  avia-builder-el-2  el_after_av_textblock  el_before_av_hr '>\n\n<style type=\"text\/css\" data-created_by=\"avia_inline_auto\" id=\"style-css-av-ky09awqb-2b398aba88f82bb2d01f311e77cb0c98\">\n#top #wrap_all .avia-button.av-ky09awqb-2b398aba88f82bb2d01f311e77cb0c98{\nmargin-bottom:5px;\nmargin-right:3px;\nmargin-left:3px;\n}\n<\/style>\n<a href='https:\/\/www.fredonoccitanie.com\/surveillance\/viticulture\/les-groupements-de-defense\/les-gdon-de-laude\/'  class='avia-button av-ky09awqb-2b398aba88f82bb2d01f311e77cb0c98 avia-icon_select-no avia-size-small avia-color-theme-color'   aria-label=\"GDON DE L\u2019AUDE\"><span class='avia_iconbox_title' >GDON DE L\u2019AUDE<\/span><\/a>\n\n<style type=\"text\/css\" data-created_by=\"avia_inline_auto\" id=\"style-css-av-ky09awqb-e96948eab1cca422e19401bbfbf4f085\">\n#top #wrap_all .avia-button.av-ky09awqb-e96948eab1cca422e19401bbfbf4f085{\nmargin-bottom:5px;\nmargin-right:3px;\nmargin-left:3px;\n}\n<\/style>\n<a href='https:\/\/www.fredonoccitanie.com\/surveillance\/viticulture\/les-groupements-de-defense\/gdon-de-lherault\/'  class='avia-button av-ky09awqb-e96948eab1cca422e19401bbfbf4f085 avia-icon_select-no avia-size-small avia-color-theme-color'   aria-label=\"GDON DE L\u2019HERAULT\"><span class='avia_iconbox_title' >GDON DE L\u2019HERAULT<\/span><\/a>\n\n<style type=\"text\/css\" data-created_by=\"avia_inline_auto\" id=\"style-css-av-ky09awqb-203afdac94659c2febd5ec939b27fca4\">\n#top #wrap_all .avia-button.av-ky09awqb-203afdac94659c2febd5ec939b27fca4{\nmargin-bottom:5px;\nmargin-right:3px;\nmargin-left:3px;\n}\n<\/style>\n<a href='https:\/\/www.fredonoccitanie.com\/surveillance\/viticulture\/les-groupements-de-defense\/les-gdon-du-gard\/'  class='avia-button av-ky09awqb-203afdac94659c2febd5ec939b27fca4 avia-icon_select-no avia-size-small avia-color-theme-color'   aria-label=\"GDON DU GARD\"><span class='avia_iconbox_title' >GDON DU GARD<\/span><\/a>\n<\/div>\n\n<style type=\"text\/css\" data-created_by=\"avia_inline_auto\" id=\"style-css-av-lpgy6swu-0ac1e8218950bad56d362ff657874d33\">\n#top .hr.hr-invisible.av-lpgy6swu-0ac1e8218950bad56d362ff657874d33{\nheight:50px;\n}\n<\/style>\n<div  class='hr av-lpgy6swu-0ac1e8218950bad56d362ff657874d33 hr-invisible  avia-builder-el-3  el_after_av_buttonrow  el_before_av_section  avia-builder-el-last '><span class='hr-inner '><span class=\"hr-inner-style\"><\/span><\/span><\/div>\n<\/div><\/div><\/div><!-- close content main div --><\/div><\/div>\n<style type=\"text\/css\" data-created_by=\"avia_inline_auto\" id=\"style-css-av-lpgy7zli-7e2dc5fed6f095781fcf22bfc5cbfe7c\">\n.avia-section.av-lpgy7zli-7e2dc5fed6f095781fcf22bfc5cbfe7c{\nbackground-color:#ede0ce;\nbackground-image:unset;\n}\n<\/style>\n<div id='av_section_1'  class='avia-section av-lpgy7zli-7e2dc5fed6f095781fcf22bfc5cbfe7c main_color avia-section-default avia-no-border-styling  avia-builder-el-4  el_after_av_hr  el_before_av_hr  avia-bg-style-scroll container_wrap fullsize'  ><div class='container av-section-cont-open' ><div class='template-page content  av-content-full alpha units'><div class='post-entry post-entry-type-page post-entry-9215'><div class='entry-content-wrapper clearfix'>\n<section  class='av_textblock_section av-lpgxxysf-a05513d0e953cc331b6008f1dc563faa '   itemscope=\"itemscope\" itemtype=\"https:\/\/schema.org\/CreativeWork\" ><div class='avia_textblock'  itemprop=\"text\" ><h1 class=\"style-scope ytd-watch-metadata\">Flavescence dor\u00e9e : pourquoi faut-il prospecter ?<\/h1>\n<p><span class=\"yt-core-attributed-string yt-core-attributed-string--white-space-pre-wrap\" role=\"text\"><span class=\"yt-core-attributed-string--link-inherit-color\"><img alt=\"\" \/><\/span><\/span><\/p>\n<p><span class=\"yt-core-attributed-string yt-core-attributed-string--white-space-pre-wrap\" role=\"text\"><span class=\"yt-core-attributed-string--link-inherit-color\">La sensibilisation \u00e0 la flavescence dor\u00e9e est une priorit\u00e9 pour tous les vignobles du fait des impacts \u00e9conomiques lourds de cette maladie qui entraine la mort des ceps. Cette sensibilisation concerne tant la reconnaissance des sympt\u00f4mes que la n\u00e9cessit\u00e9 de prospecter pour \u00e9viter sa diffusion. S\u2019il existe aujourd\u2019hui bon nombre d\u2019outils p\u00e9dagogiques (vid\u00e9os, fiches, applications) pour accompagner les vignerons et techniciens sur la reconnaissance des sympt\u00f4mes de la maladie, cela est moins le cas sur la n\u00e9cessit\u00e9 de prospecter. C\u2019est pourquoi cette vid\u00e9o \u00ab Pourquoi faut-il prospecter dans le cadre de la lutte contre la flavescence dor\u00e9e ? \u00bb. R\u00e9ponse en 4 points.<\/span><\/span><\/p>\n<\/div><\/section>\n\n<style type=\"text\/css\" data-created_by=\"avia_inline_auto\" id=\"style-css-av-lpgxuan0-5477eb1839c524e86a0fc94ba3a5a99f\">\n.avia-video.av-lpgxuan0-5477eb1839c524e86a0fc94ba3a5a99f{\nbackground-image:url(https:\/\/www.fredonoccitanie.com\/surveillance\/wp-content\/uploads\/sites\/4\/2023\/11\/video_flavo.png);\n}\n<\/style>\n<div  class='avia-video av-lpgxuan0-5477eb1839c524e86a0fc94ba3a5a99f avia-video-16-9 av-preview-image avia-video-load-always av-lazyload-immediate av-lazyload-video-embed'  itemprop=\"video\" itemtype=\"https:\/\/schema.org\/VideoObject\"  data-original_url='https:\/\/youtu.be\/r0AuGPTcvA0'><script type='text\/html' class='av-video-tmpl'><div class='avia-iframe-wrap'><iframe loading=\"lazy\" title=\"Flavescence dor\u00e9e : pourquoi faut-il prospecter ?\" width=\"1500\" height=\"844\" src=\"https:\/\/www.youtube.com\/embed\/r0AuGPTcvA0?feature=oembed&autoplay=0&loop=0&controls=1&mute=0\" frameborder=\"0\" allow=\"accelerometer; autoplay; clipboard-write; encrypted-media; gyroscope; picture-in-picture; web-share\" allowfullscreen><\/iframe><\/div><\/script><div class='av-click-to-play-overlay'><div class=\"avia_playpause_icon\"><\/div><\/div><\/div>\n<\/div><\/div><\/div><!-- close content main div --><\/div><\/div><div id='after_section_1'  class='main_color av_default_container_wrap container_wrap fullsize'  ><div class='container av-section-cont-open' ><div class='template-page content  av-content-full alpha units'><div class='post-entry post-entry-type-page post-entry-9215'><div class='entry-content-wrapper clearfix'>\n\n<style type=\"text\/css\" data-created_by=\"avia_inline_auto\" id=\"style-css-av-1igr9db-dc95edab75b3752e1f784229c3c2d352\">\n#top .hr.hr-invisible.av-1igr9db-dc95edab75b3752e1f784229c3c2d352{\nheight:50px;\n}\n<\/style>\n<div  class='hr av-1igr9db-dc95edab75b3752e1f784229c3c2d352 hr-invisible  avia-builder-el-7  el_after_av_section  el_before_av_textblock  avia-builder-el-first '><span class='hr-inner '><span class=\"hr-inner-style\"><\/span><\/span><\/div>\n<section  class='av_textblock_section av-lpgydk1r-48205614737383cb3e6e40439ac100d8 '   itemscope=\"itemscope\" itemtype=\"https:\/\/schema.org\/CreativeWork\" ><div class='avia_textblock'  itemprop=\"text\" ><h1 style=\"text-align: center;\">Nous contacter<\/h1>\n<\/div><\/section>\n\n<style type=\"text\/css\" data-created_by=\"avia_inline_auto\" id=\"style-css-av-627s1b-b6c2c2fa8a1a8717a31ea22c4286e169\">\n.flex_column.av-627s1b-b6c2c2fa8a1a8717a31ea22c4286e169{\nborder-radius:0px 0px 0px 0px;\npadding:0px 0px 0px 0px;\n}\n<\/style>\n<div  class='flex_column av-627s1b-b6c2c2fa8a1a8717a31ea22c4286e169 av_one_half  avia-builder-el-9  el_after_av_textblock  el_before_av_one_half  first flex_column_div av-zero-column-padding  column-top-margin'     ><section  class='av_textblock_section av-lpgyea6e-306570e61bca92987b34258126037def '   itemscope=\"itemscope\" itemtype=\"https:\/\/schema.org\/CreativeWork\" ><div class='avia_textblock'  itemprop=\"text\" ><h2 style=\"text-align: right;\"><span style=\"color: #576b35;\">Si\u00e8ge (34) <img loading=\"lazy\" decoding=\"async\" class=\"alignnone size-full wp-image-11208\" src=\"https:\/\/www.fredonoccitanie.com\/surveillance\/wp-content\/uploads\/sites\/4\/2023\/11\/drapeau_rouge.png\" alt=\"\" width=\"71\" height=\"61\" \/><br \/>\n<\/span><\/h2>\n<p style=\"text-align: right;\"><strong>FREDON OCCITANIE<\/strong><\/p>\n<p style=\"text-align: right;\">Ecoparc de Bel Air, 114 rue Orion, 34570 VAILHAUQUES<br \/>\nTel : 04 67 75 64 48<\/p>\n<h1 style=\"text-align: center;\"><\/h1>\n<\/div><\/section><br \/>\n\n<style type=\"text\/css\" data-created_by=\"avia_inline_auto\" id=\"style-css-av-lpgy2i7q-f1a53891a92acd2ac95f4c76eca8fe32\">\n.avia-image-container.av-lpgy2i7q-f1a53891a92acd2ac95f4c76eca8fe32 img.avia_image{\nbox-shadow:none;\n}\n.avia-image-container.av-lpgy2i7q-f1a53891a92acd2ac95f4c76eca8fe32 .av-image-caption-overlay-center{\ncolor:#ffffff;\n}\n<\/style>\n<div  class='avia-image-container av-lpgy2i7q-f1a53891a92acd2ac95f4c76eca8fe32 av-styling- avia-align-center  avia-builder-el-11  el_after_av_textblock  el_before_av_textblock '   itemprop=\"image\" itemscope=\"itemscope\" itemtype=\"https:\/\/schema.org\/ImageObject\" ><div class=\"avia-image-container-inner\"><div class=\"avia-image-overlay-wrap\"><img decoding=\"async\" fetchpriority=\"high\" class='wp-image-11203 avia-img-lazy-loading-not-11203 avia_image ' src=\"https:\/\/www.fredonoccitanie.com\/surveillance\/wp-content\/uploads\/sites\/4\/2023\/11\/carte_fredons.png\" alt='' title='carte_fredons'  height=\"422\" width=\"596\"  itemprop=\"thumbnailUrl\" srcset=\"https:\/\/www.fredonoccitanie.com\/surveillance\/wp-content\/uploads\/sites\/4\/2023\/11\/carte_fredons.png 596w, https:\/\/www.fredonoccitanie.com\/surveillance\/wp-content\/uploads\/sites\/4\/2023\/11\/carte_fredons-300x212.png 300w, https:\/\/www.fredonoccitanie.com\/surveillance\/wp-content\/uploads\/sites\/4\/2023\/11\/carte_fredons-260x185.png 260w\" sizes=\"(max-width: 596px) 100vw, 596px\" \/><\/div><\/div><\/div><br \/>\n<section  class='av_textblock_section av-lpgygwmh-4360ac637b026f1c36284da97feb4716 '   itemscope=\"itemscope\" itemtype=\"https:\/\/schema.org\/CreativeWork\" ><div class='avia_textblock'  itemprop=\"text\" ><h2><span style=\"color: #576b35;\"><img loading=\"lazy\" decoding=\"async\" class=\"alignnone size-full wp-image-11215\" src=\"https:\/\/www.fredonoccitanie.com\/surveillance\/wp-content\/uploads\/sites\/4\/2023\/11\/drapeau_jaune.png\" alt=\"\" width=\"71\" height=\"61\" \/>Antenne Ouest (31)<\/span><\/h2>\n<p><strong>FREDON OCCITANIE<\/strong><br \/>\n11 All\u00e9e de Longueterre, 31850 MONTRABE<br \/>\nTel : 04 67 75 64 48<\/p>\n<h1 style=\"text-align: center;\"><\/h1>\n<\/div><\/section><\/p><\/div>\n<style type=\"text\/css\" data-created_by=\"avia_inline_auto\" id=\"style-css-av-tn5jsv-d45f4cfa554f659971e8eb383057ee51\">\n.flex_column.av-tn5jsv-d45f4cfa554f659971e8eb383057ee51{\nborder-radius:0px 0px 0px 0px;\npadding:0px 0px 0px 0px;\n}\n<\/style>\n<div  class='flex_column av-tn5jsv-d45f4cfa554f659971e8eb383057ee51 av_one_half  avia-builder-el-13  el_after_av_one_half  el_before_av_one_full  flex_column_div av-zero-column-padding  column-top-margin'     ><div  class='avia-table av-r3aslb-1adbc3450269f437d2ba35ca0726fa8a main_color avia-pricing-table-container avia_pricing_default  avia-builder-el-14  avia-builder-el-no-sibling  avia-table-1'  itemscope=\"itemscope\" itemtype=\"https:\/\/schema.org\/Table\" ><div class=\"pricing-table-wrap\"><ul class='pricing-table '><li class=''><div class='first-table-item'><\/p>\n<h3>GDON 09<\/h3>\n<p>GDON 09 &#8211; TEVIAR<br \/>\nDomaine de Lastronques<br \/>\n09 210 LEZAT S\/ LEZE<br \/>\nTel : 05 61 69 12 13<br \/>\n<b>contact@domainedelastronques.fr<\/b><\/div><span class='pricing-extra'><\/span><\/li><li class=''><\/p>\n<h3>FEDON 30<\/h3>\n<p>Mas de l\u2019agriculture<br \/>\n1120 Route de Saint Gilles<br \/>\n30900 NIMES<br \/>\nTel : 04.66.38.36.82<br \/>\n<b>fedon30@wanadoo.fr<\/b><\/li><li class=''><\/p>\n<h3>FDGDON 46<\/h3>\n<p>Maison de l\u2019Agriculture<br \/>\n430 avenue Jean Jaur\u00e8s<br \/>\n46 004 CAHORS<br \/>\nTel : 06 25 76 26 30<br \/>\n<b>fdgdon46@fredon-occitanie.fr<\/b><\/li><li class=''><\/p>\n<h3>FDGDON 66<\/h3>\n<p>2 avenue Paul Lafargue<br \/>\n66350 TOULOUGES<br \/>\nTel : 06 63 25 97 31<br \/>\n<b>fedec66@wanadoo.fr<\/b><\/li><\/ul><\/div><div class=\"pricing-table-wrap\"><ul class='pricing-table '><li class=''><div class='first-table-item'><\/p>\n<h3>FEDON 11<\/h3>\n<p>Z.A de Saut\u00e8s \u00e0 tr\u00e8bes<br \/>\n11878 Carcassonne Cedex 9<br \/>\nTel : 04.68.25.80.84<br \/>\n<b>fedon11@wanadoo.fr<\/b><\/div><span class='pricing-extra'><\/span><\/li><li class=''><\/p>\n<h3>FDGDON 32<\/h3>\n<p>CA 32 &#8211; Route de Mirande<br \/>\nBP 70161<br \/>\n32 003 AUCH Cedex<br \/>\nTel : 05 62 61 77 77<br \/>\n<b>fdgdon32@fredon-occitanie.fr<\/b><\/li><li class=''><\/p>\n<h3>FDGDON 48<\/h3>\n<p>S\/C GDS<br \/>\n21 rue Jean Moulin<br \/>\n48 000 MENDE<br \/>\nTel : 06 47 01 25 38<br \/>\n<b>fdgdon48@fredon-occitanie.fr<\/b><\/li><li class=''><\/p>\n<h3>FDGDON 81<\/h3>\n<p>96 rue des Agriculteurs<br \/>\nCS 10307<br \/>\n81 011 ALBI Cedex 09<br \/>\nTel : 05 63 48 83 60<br \/>\n<b>fdgdon81@fredon-occitanie.fr<\/b><\/li><\/ul><\/div><div class=\"pricing-table-wrap\"><ul class='pricing-table '><li class=''><div class='first-table-item'><\/p>\n<h3>FDGDON 12<\/h3>\n<p>FDSEA 12<br \/>\nCarrefour de l&rsquo;Agriculture<br \/>\n12 026 RODEZ Cedex 09<br \/>\nTel : 06 38 53 51 73<br \/>\n<b>fdgdon12@fredon-occitanie.fr<\/b><\/div><span class='pricing-extra'><\/span><\/li><li class=''><\/p>\n<h3>FDGDON 34<\/h3>\n<p>Ecoparc bel Air<br \/>\n114 rue Orion<br \/>\n34570 VALIHAUQUES<br \/>\nTel : 04 67 75 64 48<br \/>\n<b>fdgdon34@fredon-occitanie.fr<\/b><\/li><li class=''><\/p>\n<h3>FDGDON 65<\/h3>\n<p>CA 65 &#8211; 20 place du Foirail<br \/>\n65 917 TARBES<br \/>\nTel : 06 79 67 47 61<br \/>\n<b>fdgdon65@fredon-occitanie.fr<\/b><br \/><\/li><li class=''><\/p>\n<h3>FDGDON 82<\/h3>\n<p>06 rue Saraill\u00e9<br \/>\n82110 CAZES MONDENARD<br \/>\nTel : 06 46 60 37 23<br \/>\n<b>fdgdon82@outlook.fr<\/b><\/li><\/ul><\/div><\/div><\/div><\/p>\n\n<style type=\"text\/css\" data-created_by=\"avia_inline_auto\" id=\"style-css-av-2oik9r-14d0e9cfae542c1c07acd830788b436c\">\n.flex_column.av-2oik9r-14d0e9cfae542c1c07acd830788b436c{\nborder-radius:0px 0px 0px 0px;\npadding:0px 0px 0px 0px;\n}\n<\/style>\n<div  class='flex_column av-2oik9r-14d0e9cfae542c1c07acd830788b436c av_one_full  avia-builder-el-15  el_after_av_one_half  avia-builder-el-last  first flex_column_div av-zero-column-padding  column-top-margin'     ><\/div>\n","protected":false},"excerpt":{"rendered":"","protected":false},"author":3,"featured_media":0,"parent":9163,"menu_order":3,"comment_status":"closed","ping_status":"closed","template":"","meta":{"footnotes":""},"class_list":["post-9215","page","type-page","status-publish","hentry"],"_links":{"self":[{"href":"https:\/\/www.fredonoccitanie.com\/surveillance\/wp-json\/wp\/v2\/pages\/9215","targetHints":{"allow":["GET"]}}],"collection":[{"href":"https:\/\/www.fredonoccitanie.com\/surveillance\/wp-json\/wp\/v2\/pages"}],"about":[{"href":"https:\/\/www.fredonoccitanie.com\/surveillance\/wp-json\/wp\/v2\/types\/page"}],"author":[{"embeddable":true,"href":"https:\/\/www.fredonoccitanie.com\/surveillance\/wp-json\/wp\/v2\/users\/3"}],"replies":[{"embeddable":true,"href":"https:\/\/www.fredonoccitanie.com\/surveillance\/wp-json\/wp\/v2\/comments?post=9215"}],"version-history":[{"count":5,"href":"https:\/\/www.fredonoccitanie.com\/surveillance\/wp-json\/wp\/v2\/pages\/9215\/revisions"}],"predecessor-version":[{"id":13549,"href":"https:\/\/www.fredonoccitanie.com\/surveillance\/wp-json\/wp\/v2\/pages\/9215\/revisions\/13549"}],"up":[{"embeddable":true,"href":"https:\/\/www.fredonoccitanie.com\/surveillance\/wp-json\/wp\/v2\/pages\/9163"}],"wp:attachment":[{"href":"https:\/\/www.fredonoccitanie.com\/surveillance\/wp-json\/wp\/v2\/media?parent=9215"}],"curies":[{"name":"wp","href":"https:\/\/api.w.org\/{rel}","templated":true}]}}