{"id":9176,"date":"2021-07-19T15:01:51","date_gmt":"2021-07-19T13:01:51","guid":{"rendered":"https:\/\/www.fredonoccitanie.com\/surveillance\/?page_id=9176"},"modified":"2025-03-28T11:32:15","modified_gmt":"2025-03-28T10:32:15","slug":"bsv-vigne","status":"publish","type":"page","link":"https:\/\/www.fredonoccitanie.com\/surveillance\/viticulture\/bsv-vigne\/","title":{"rendered":"BSV Vigne"},"content":{"rendered":"\n<style type=\"text\/css\" data-created_by=\"avia_inline_auto\" id=\"style-css-av-3amlnc-e480986ac8f0deeb57adea81b4ac66ba\">\n.flex_column.av-3amlnc-e480986ac8f0deeb57adea81b4ac66ba{\nborder-radius:0px 0px 0px 0px;\npadding:0px 0px 0px 0px;\n}\n<\/style>\n<div  class='flex_column av-3amlnc-e480986ac8f0deeb57adea81b4ac66ba av_one_full  avia-builder-el-0  avia-builder-el-no-sibling  first flex_column_div av-zero-column-padding  '     ><section  class='av_textblock_section av-kramzqma-e39dd4c3888abfa63519e2cae3e7b29e '   itemscope=\"itemscope\" itemtype=\"https:\/\/schema.org\/CreativeWork\" ><div class='avia_textblock'  itemprop=\"text\" ><div class=\"vc_cta3-content\">\n<header class=\"vc_cta3-content-header\">\n<h2 class=\"vc_custom_heading\" style=\"text-align: center;\">Bulletin de sant\u00e9 de v\u00e9g\u00e9tal : Viticulture<\/h2>\n<\/header>\n<p><img loading=\"lazy\" decoding=\"async\" class=\" wp-image-11072 aligncenter\" src=\"https:\/\/www.fredonoccitanie.com\/surveillance\/wp-content\/uploads\/sites\/4\/2023\/10\/ecophytojevi_logo-1.jpg\" alt=\"\" width=\"221\" height=\"164\" srcset=\"https:\/\/www.fredonoccitanie.com\/surveillance\/wp-content\/uploads\/sites\/4\/2023\/10\/ecophytojevi_logo-1.jpg 350w, https:\/\/www.fredonoccitanie.com\/surveillance\/wp-content\/uploads\/sites\/4\/2023\/10\/ecophytojevi_logo-1-300x223.jpg 300w\" sizes=\"auto, (max-width: 221px) 100vw, 221px\" \/>Le BSV est destin\u00e9 aux agriculteurs et \u00e0 leurs conseillers pour les alerter sur les risques phytosanitaires et les aider \u00e0 mieux raisonner la protection des cultures.<\/p>\n<p><img loading=\"lazy\" decoding=\"async\" class=\"wp-image-3550 size-medium aligncenter\" src=\"https:\/\/www.fredonoccitanie.com\/surveillance\/wp-content\/uploads\/sites\/4\/2016\/11\/grappe-grenache-blanc-300x225.jpg\" alt=\"\" width=\"300\" height=\"225\" srcset=\"https:\/\/www.fredonoccitanie.com\/surveillance\/wp-content\/uploads\/sites\/4\/2016\/11\/grappe-grenache-blanc-300x225.jpg 300w, https:\/\/www.fredonoccitanie.com\/surveillance\/wp-content\/uploads\/sites\/4\/2016\/11\/grappe-grenache-blanc-1030x773.jpg 1030w, https:\/\/www.fredonoccitanie.com\/surveillance\/wp-content\/uploads\/sites\/4\/2016\/11\/grappe-grenache-blanc-768x576.jpg 768w, https:\/\/www.fredonoccitanie.com\/surveillance\/wp-content\/uploads\/sites\/4\/2016\/11\/grappe-grenache-blanc-1536x1152.jpg 1536w, https:\/\/www.fredonoccitanie.com\/surveillance\/wp-content\/uploads\/sites\/4\/2016\/11\/grappe-grenache-blanc-1500x1125.jpg 1500w, https:\/\/www.fredonoccitanie.com\/surveillance\/wp-content\/uploads\/sites\/4\/2016\/11\/grappe-grenache-blanc-705x529.jpg 705w, https:\/\/www.fredonoccitanie.com\/surveillance\/wp-content\/uploads\/sites\/4\/2016\/11\/grappe-grenache-blanc.jpg 1600w\" sizes=\"auto, (max-width: 300px) 100vw, 300px\" \/><\/p>\n<blockquote>\n<p>Vous pouvez les retrouver aussi sur le site de la DRAAF (Direction R\u00e9gional de l\u2019Alimentation de l\u2019Agriculture et de la For\u00eat) Occitanie, Rubrique vignes du Languedoc-Roussillon.<\/p>\n<\/blockquote>\n<\/div>\n<\/div><\/section><br \/>\n<div  class='avia-button-wrap av-kran09bu-9d8b4fe9b8703e6579a4cb7045136b00-wrap avia-button-center  avia-builder-el-2  el_after_av_textblock  avia-builder-el-last '><a href='http:\/\/draaf.occitanie.agriculture.gouv.fr\/Vigne-Languedoc-Roussillon'  class='avia-button av-kran09bu-9d8b4fe9b8703e6579a4cb7045136b00 av-link-btn avia-icon_select-no avia-size-small avia-position-center avia-color-theme-color'  target=\"_blank\"  rel=\"noopener noreferrer\"  aria-label=\"BSV Vigne\"><span class='avia_iconbox_title' >BSV Vigne<\/span><\/a><\/div><\/p><\/div>\n","protected":false},"excerpt":{"rendered":"","protected":false},"author":1,"featured_media":0,"parent":9163,"menu_order":3,"comment_status":"closed","ping_status":"closed","template":"","meta":{"footnotes":""},"class_list":["post-9176","page","type-page","status-publish","hentry"],"_links":{"self":[{"href":"https:\/\/www.fredonoccitanie.com\/surveillance\/wp-json\/wp\/v2\/pages\/9176","targetHints":{"allow":["GET"]}}],"collection":[{"href":"https:\/\/www.fredonoccitanie.com\/surveillance\/wp-json\/wp\/v2\/pages"}],"about":[{"href":"https:\/\/www.fredonoccitanie.com\/surveillance\/wp-json\/wp\/v2\/types\/page"}],"author":[{"embeddable":true,"href":"https:\/\/www.fredonoccitanie.com\/surveillance\/wp-json\/wp\/v2\/users\/1"}],"replies":[{"embeddable":true,"href":"https:\/\/www.fredonoccitanie.com\/surveillance\/wp-json\/wp\/v2\/comments?post=9176"}],"version-history":[{"count":5,"href":"https:\/\/www.fredonoccitanie.com\/surveillance\/wp-json\/wp\/v2\/pages\/9176\/revisions"}],"predecessor-version":[{"id":13922,"href":"https:\/\/www.fredonoccitanie.com\/surveillance\/wp-json\/wp\/v2\/pages\/9176\/revisions\/13922"}],"up":[{"embeddable":true,"href":"https:\/\/www.fredonoccitanie.com\/surveillance\/wp-json\/wp\/v2\/pages\/9163"}],"wp:attachment":[{"href":"https:\/\/www.fredonoccitanie.com\/surveillance\/wp-json\/wp\/v2\/media?parent=9176"}],"curies":[{"name":"wp","href":"https:\/\/api.w.org\/{rel}","templated":true}]}}

<style type="text/css" data-created_by="avia_inline_auto" id="style-css-av-3amlnc-e480986ac8f0deeb57adea81b4ac66ba">
.flex_column.av-3amlnc-e480986ac8f0deeb57adea81b4ac66ba{
border-radius:0px 0px 0px 0px;
padding:0px 0px 0px 0px;
}
</style>
<div  class='flex_column av-3amlnc-e480986ac8f0deeb57adea81b4ac66ba av_one_full  avia-builder-el-0  avia-builder-el-no-sibling  first flex_column_div av-zero-column-padding  '     ><section  class='av_textblock_section av-kramzqma-e39dd4c3888abfa63519e2cae3e7b29e '   itemscope="itemscope" itemtype="https://schema.org/CreativeWork" ><div class='avia_textblock'  itemprop="text" ><div class="vc_cta3-content">
<header class="vc_cta3-content-header">
<h2 class="vc_custom_heading" style="text-align: center;">Bulletin de santé de végétal : Viticulture</h2>
</header>
<p><img loading="lazy" decoding="async" class=" wp-image-11072 aligncenter" src="https://www.fredonoccitanie.com/surveillance/wp-content/uploads/sites/4/2023/10/ecophytojevi_logo-1.jpg" alt="" width="221" height="164" srcset="https://www.fredonoccitanie.com/surveillance/wp-content/uploads/sites/4/2023/10/ecophytojevi_logo-1.jpg 350w, https://www.fredonoccitanie.com/surveillance/wp-content/uploads/sites/4/2023/10/ecophytojevi_logo-1-300x223.jpg 300w" sizes="auto, (max-width: 221px) 100vw, 221px" />Le BSV est destiné aux agriculteurs et à leurs conseillers pour les alerter sur les risques phytosanitaires et les aider à mieux raisonner la protection des cultures.</p>
<p><img loading="lazy" decoding="async" class="wp-image-3550 size-medium aligncenter" src="https://www.fredonoccitanie.com/surveillance/wp-content/uploads/sites/4/2016/11/grappe-grenache-blanc-300x225.jpg" alt="" width="300" height="225" srcset="https://www.fredonoccitanie.com/surveillance/wp-content/uploads/sites/4/2016/11/grappe-grenache-blanc-300x225.jpg 300w, https://www.fredonoccitanie.com/surveillance/wp-content/uploads/sites/4/2016/11/grappe-grenache-blanc-1030x773.jpg 1030w, https://www.fredonoccitanie.com/surveillance/wp-content/uploads/sites/4/2016/11/grappe-grenache-blanc-768x576.jpg 768w, https://www.fredonoccitanie.com/surveillance/wp-content/uploads/sites/4/2016/11/grappe-grenache-blanc-1536x1152.jpg 1536w, https://www.fredonoccitanie.com/surveillance/wp-content/uploads/sites/4/2016/11/grappe-grenache-blanc-1500x1125.jpg 1500w, https://www.fredonoccitanie.com/surveillance/wp-content/uploads/sites/4/2016/11/grappe-grenache-blanc-705x529.jpg 705w, https://www.fredonoccitanie.com/surveillance/wp-content/uploads/sites/4/2016/11/grappe-grenache-blanc.jpg 1600w" sizes="auto, (max-width: 300px) 100vw, 300px" /></p>
<blockquote>
<p>Vous pouvez les retrouver aussi sur le site de la DRAAF (Direction Régional de l’Alimentation de l’Agriculture et de la Forêt) Occitanie, Rubrique vignes du Languedoc-Roussillon.</p>
</blockquote>
</div>
</div></section><br />
<div  class='avia-button-wrap av-kran09bu-9d8b4fe9b8703e6579a4cb7045136b00-wrap avia-button-center  avia-builder-el-2  el_after_av_textblock  avia-builder-el-last '><a href='http://draaf.occitanie.agriculture.gouv.fr/Vigne-Languedoc-Roussillon'  class='avia-button av-kran09bu-9d8b4fe9b8703e6579a4cb7045136b00 av-link-btn avia-icon_select-no avia-size-small avia-position-center avia-color-theme-color'  target="_blank"  rel="noopener noreferrer"  aria-label="BSV Vigne"><span class='avia_iconbox_title' >BSV Vigne</span></a></div></p></div>
