{"id":7956,"date":"2021-07-16T09:00:54","date_gmt":"2021-07-16T07:00:54","guid":{"rendered":"https:\/\/www.fredonoccitanie.com\/jevi\/?page_id=7956"},"modified":"2021-11-03T16:59:59","modified_gmt":"2021-11-03T15:59:59","slug":"papph","status":"publish","type":"page","link":"https:\/\/www.fredonoccitanie.com\/jevi\/experiences\/papph\/","title":{"rendered":"Plans d&rsquo;actions \u00ab\u00a0pesticides\u00a0\u00bb"},"content":{"rendered":"\n<style type=\"text\/css\" data-created_by=\"avia_inline_auto\" id=\"style-css-av-12620k-a1edcddb56df6e02b978116ac2ab858d\">\n.flex_column.av-12620k-a1edcddb56df6e02b978116ac2ab858d{\nborder-radius:0px 0px 0px 0px;\npadding:0px 0px 0px 0px;\n}\n<\/style>\n<div  class='flex_column av-12620k-a1edcddb56df6e02b978116ac2ab858d av_one_full  avia-builder-el-0  el_before_av_one_fourth  avia-builder-el-first  first flex_column_div av-zero-column-padding  '     ><section  class='av_textblock_section av-kr5zjkob-8c55446e5a5f04c0126b4e0f0e65ca3a '   itemscope=\"itemscope\" itemtype=\"https:\/\/schema.org\/CreativeWork\" ><div class='avia_textblock'  itemprop=\"text\" ><div class=\"wpb_text_column wpb_content_element \">\n<div class=\"wpb_wrapper\">\n<h2>Collectivit\u00e9s, vers une d\u00e9marche alternative<\/h2>\n<\/div>\n<\/div>\n<\/div><\/section><\/div>\n\n<style type=\"text\/css\" data-created_by=\"avia_inline_auto\" id=\"style-css-av-9ou96s-c4b0c29e499e6ac0d19f25d30eaf26da\">\n.flex_column.av-9ou96s-c4b0c29e499e6ac0d19f25d30eaf26da{\nborder-radius:0px 0px 0px 0px;\npadding:0px 0px 0px 0px;\n}\n<\/style>\n<div  class='flex_column av-9ou96s-c4b0c29e499e6ac0d19f25d30eaf26da av_one_fourth  avia-builder-el-2  el_after_av_one_full  el_before_av_three_fourth  first flex_column_div av-zero-column-padding  column-top-margin'     ><style type=\"text\/css\" data-created_by=\"avia_inline_auto\" id=\"style-css-av-kr5zj6jj-256ef894b3dda37373bb72ca3b7c663f\">\n.avia-image-container.av-kr5zj6jj-256ef894b3dda37373bb72ca3b7c663f img.avia_image{\nbox-shadow:none;\n}\n.avia-image-container.av-kr5zj6jj-256ef894b3dda37373bb72ca3b7c663f .av-image-caption-overlay-center{\ncolor:#ffffff;\n}\n<\/style>\n<div  class='avia-image-container av-kr5zj6jj-256ef894b3dda37373bb72ca3b7c663f av-styling- avia-align-center  avia-builder-el-3  avia-builder-el-no-sibling '   itemprop=\"image\" itemscope=\"itemscope\" itemtype=\"https:\/\/schema.org\/ImageObject\" ><div class=\"avia-image-container-inner\"><div class=\"avia-image-overlay-wrap\"><img decoding=\"async\" fetchpriority=\"high\" class='wp-image-7957 avia-img-lazy-loading-not-7957 avia_image ' src=\"https:\/\/www.fredonoccitanie.com\/jevi\/wp-content\/uploads\/sites\/2\/2021\/07\/IMG_005-212x300-1-180x180.jpg\" alt='' title='IMG_005-212x300'  height=\"180\" width=\"180\"  itemprop=\"thumbnailUrl\" srcset=\"https:\/\/www.fredonoccitanie.com\/jevi\/wp-content\/uploads\/sites\/2\/2021\/07\/IMG_005-212x300-1-180x180.jpg 180w, https:\/\/www.fredonoccitanie.com\/jevi\/wp-content\/uploads\/sites\/2\/2021\/07\/IMG_005-212x300-1-80x80.jpg 80w, https:\/\/www.fredonoccitanie.com\/jevi\/wp-content\/uploads\/sites\/2\/2021\/07\/IMG_005-212x300-1-36x36.jpg 36w\" sizes=\"(max-width: 180px) 100vw, 180px\" \/><\/div><\/div><\/div><\/div>\n\n<style type=\"text\/css\" data-created_by=\"avia_inline_auto\" id=\"style-css-av-6x1shg-21424c1783d3f1ca945a74c2150fe23a\">\n.flex_column.av-6x1shg-21424c1783d3f1ca945a74c2150fe23a{\nborder-radius:0px 0px 0px 0px;\npadding:0px 0px 0px 0px;\n}\n<\/style>\n<div  class='flex_column av-6x1shg-21424c1783d3f1ca945a74c2150fe23a av_three_fourth  avia-builder-el-4  el_after_av_one_fourth  el_before_av_one_full  flex_column_div av-zero-column-padding  column-top-margin'     ><section  class='av_textblock_section av-kr5zkk76-fb28f2527156e18442a8f778611748f8 '   itemscope=\"itemscope\" itemtype=\"https:\/\/schema.org\/CreativeWork\" ><div class='avia_textblock'  itemprop=\"text\" ><p>Les parcs, jardins et autres espaces verts constituent des lieux de vie importants pour les habitants d\u2019une collectivit\u00e9. Espace de loisirs et d\u2019\u00e9changes pour chacun d\u2019entre nous, il est n\u00e9cessaire d\u2019y <b>limiter les pollutions et de favoriser une gestion durable des v\u00e9g\u00e9taux et des espaces.<\/b><br \/>\nLes traitements phytosanitaires et le d\u00e9sherbage chimique, r\u00e9alis\u00e9s par les collectivit\u00e9s pour un entretien toujours plus maitris\u00e9, contribuent de mani\u00e8re significative \u00e0 la contamination des eaux.<\/p>\n<p>Des gestions alternatives des espaces peuvent \u00eatre mises en place, en prenant en compte les objectifs de protection des ressources en eau et des populations et en respectant les obligations r\u00e9glementaires.<\/p>\n<\/div><\/section><\/div>\n\n<style type=\"text\/css\" data-created_by=\"avia_inline_auto\" id=\"style-css-av-5k4lpg-ad65b4ba9aadff0cb75862a89b75e950\">\n.flex_column.av-5k4lpg-ad65b4ba9aadff0cb75862a89b75e950{\nborder-radius:0px 0px 0px 0px;\npadding:0px 0px 0px 0px;\n}\n<\/style>\n<div  class='flex_column av-5k4lpg-ad65b4ba9aadff0cb75862a89b75e950 av_one_full  avia-builder-el-6  el_after_av_three_fourth  el_before_av_three_fourth  first flex_column_div av-zero-column-padding  column-top-margin'     ><section  class='av_textblock_section av-kr5zl06x-89112f155848b34fa1ad772b23a83426 '   itemscope=\"itemscope\" itemtype=\"https:\/\/schema.org\/CreativeWork\" ><div class='avia_textblock'  itemprop=\"text\" ><div class=\"wpb_text_column wpb_content_element \">\n<div class=\"wpb_wrapper\">\n<h2>Un PAPPH ?!! C\u2019est quoi ?\u2026<\/h2>\n<\/div>\n<\/div>\n<\/div><\/section><\/div>\n\n<style type=\"text\/css\" data-created_by=\"avia_inline_auto\" id=\"style-css-av-4wxc9g-4e0c3ac34bc6af6cc57348910cd13bf9\">\n.flex_column.av-4wxc9g-4e0c3ac34bc6af6cc57348910cd13bf9{\nborder-radius:0px 0px 0px 0px;\npadding:0px 0px 0px 0px;\n}\n<\/style>\n<div  class='flex_column av-4wxc9g-4e0c3ac34bc6af6cc57348910cd13bf9 av_three_fourth  avia-builder-el-8  el_after_av_one_full  el_before_av_one_fourth  first flex_column_div av-zero-column-padding  column-top-margin'     ><section  class='av_textblock_section av-kr5zn0fe-6afd850be319339033d491da2681717d '   itemscope=\"itemscope\" itemtype=\"https:\/\/schema.org\/CreativeWork\" ><div class='avia_textblock'  itemprop=\"text\" ><div class=\"wpb_text_column wpb_content_element \">\n<div class=\"wpb_wrapper\">\n<p>Il \u00e9tablit une g<strong>estion raisonn\u00e9e des op\u00e9rations de d\u00e9sherbage, lutte contre les nuisibles et gestions horticoles, dans un objectif d\u2019atteinte, \u00e0 terme, d\u2019une gestion sans pesticides, ni engrais chimiques !<\/strong><\/p>\n<p>Cet outil permet aux gestionnaires d\u2019espaces publics (espaces verts et voiries) de <strong>d\u00e9terminer les sites prioritaires o\u00f9 l\u2019application de produits phytosanitaires doit \u00eatre abandonn\u00e9e en raison des risques de pollution des eaux qu\u2019elle peut entra\u00eener.<\/strong><\/p>\n<p>Il propose ensuite, en fonction des objectifs d\u2019entretien et de l\u2019usage de chaque espace,<strong> des solutions d\u2019entretien adapt\u00e9es (techniques alternatives pr\u00e9ventives et curatives au d\u00e9sherbage chimique).<\/strong><\/p>\n<p>Il permet \u00e9galement de faire \u00e9voluer notre acceptation vis-\u00e0-vis de la v\u00e9g\u00e9tation spontan\u00e9e.<\/p>\n<\/div>\n<\/div>\n<\/div><\/section><br \/>\n<div  class='avia-button-wrap av-kr5zqilw-6597c4b99e748cae716800d3ec5079b1-wrap avia-button-center  avia-builder-el-10  el_after_av_textblock  avia-builder-el-last '><a href='https:\/\/www.fredonoccitanie.com\/jevi\/wp-content\/uploads\/sites\/2\/2021\/07\/engagements2020.pdf'  class='avia-button av-kr5zqilw-6597c4b99e748cae716800d3ec5079b1 av-link-btn avia-icon_select-no avia-size-small avia-position-center avia-color-theme-color'  target=\"_blank\"  rel=\"noopener noreferrer\"  aria-label=\"Voir la carte des engagements des collectivit\u00e9s\"><span class='avia_iconbox_title' >Voir la carte des engagements des collectivit\u00e9s<\/span><\/a><\/div><\/p><\/div>\n\n<style type=\"text\/css\" data-created_by=\"avia_inline_auto\" id=\"style-css-av-2c8sis-811571f27b3a409257e0d1ba8cf4f032\">\n.flex_column.av-2c8sis-811571f27b3a409257e0d1ba8cf4f032{\nborder-radius:0px 0px 0px 0px;\npadding:0px 0px 0px 0px;\n}\n<\/style>\n<div  class='flex_column av-2c8sis-811571f27b3a409257e0d1ba8cf4f032 av_one_fourth  avia-builder-el-11  el_after_av_three_fourth  avia-builder-el-last  flex_column_div av-zero-column-padding  column-top-margin'     ><section  class='av_textblock_section av-kr5zsesu-cea0771ebe8c9d4858d1a27ed3730735 '   itemscope=\"itemscope\" itemtype=\"https:\/\/schema.org\/CreativeWork\" ><div class='avia_textblock'  itemprop=\"text\" ><h3>Des mod\u00e8les de cahiers des charges<\/h3>\n<p><em>La FREDON Occitanie met \u00e0 votre disposition des mod\u00e8les de cahiers des charges modifiables, vous permettant de r\u00e9aliser ou faire r\u00e9aliser votre \u00e9tude.<\/em><\/p>\n<ul>\n<li><a href=\"https:\/\/www.fredonoccitanie.com\/jevi\/wp-content\/uploads\/sites\/2\/2021\/07\/CCTP_PAPPH_General.doc\" target=\"_blank\" rel=\"noopener noreferrer\">Communes &gt;500 habitants ou interco<\/a><\/li>\n<li>Communes &lt;500 habitants\n<ul>\n<li><a href=\"https:\/\/www.fredonoccitanie.com\/jevi\/wp-content\/uploads\/sites\/2\/2021\/07\/GuidePAPPHCommMoins500hab.docx\">Guide<\/a><\/li>\n<li><a href=\"https:\/\/www.fredonoccitanie.com\/jevi\/wp-content\/uploads\/sites\/2\/2021\/07\/Exempleredaction_inf500hab.docx\">Exemple de r\u00e9daction<\/a><\/li>\n<\/ul>\n<\/li>\n<li style=\"list-style-type: none;\">\n<ul>\n<li><a href=\"https:\/\/www.fredonoccitanie.com\/jevi\/wp-content\/uploads\/sites\/2\/2021\/07\/Diag_CommLabellisees.docx\" target=\"_blank\" rel=\"noopener noreferrer\">Communes labellis\u00e9es dans la charte r\u00e9gionale<\/a><\/li>\n<li><a href=\"https:\/\/www.fredonoccitanie.com\/jevi\/wp-content\/uploads\/sites\/2\/2021\/07\/guide_methodologique_Campings.doc\">H\u00f4tellerie de plein air<\/a><\/li>\n<\/ul>\n<\/li>\n<\/ul>\n<p>Liste des prestataires<\/p>\n<ul>\n<li><a href=\"https:\/\/www.fredonoccitanie.com\/jevi\/wp-content\/uploads\/sites\/2\/2021\/07\/ListeBE_PAPPH.pdf\" target=\"_blank\" rel=\"noopener noreferrer\">T\u00e9l\u00e9charger la liste<\/a><\/li>\n<\/ul>\n<\/div><\/section><\/div>\n","protected":false},"excerpt":{"rendered":"","protected":false},"author":1,"featured_media":0,"parent":7939,"menu_order":2,"comment_status":"closed","ping_status":"closed","template":"","meta":{"footnotes":""},"class_list":["post-7956","page","type-page","status-publish","hentry"],"_links":{"self":[{"href":"https:\/\/www.fredonoccitanie.com\/jevi\/wp-json\/wp\/v2\/pages\/7956","targetHints":{"allow":["GET"]}}],"collection":[{"href":"https:\/\/www.fredonoccitanie.com\/jevi\/wp-json\/wp\/v2\/pages"}],"about":[{"href":"https:\/\/www.fredonoccitanie.com\/jevi\/wp-json\/wp\/v2\/types\/page"}],"author":[{"embeddable":true,"href":"https:\/\/www.fredonoccitanie.com\/jevi\/wp-json\/wp\/v2\/users\/1"}],"replies":[{"embeddable":true,"href":"https:\/\/www.fredonoccitanie.com\/jevi\/wp-json\/wp\/v2\/comments?post=7956"}],"version-history":[{"count":5,"href":"https:\/\/www.fredonoccitanie.com\/jevi\/wp-json\/wp\/v2\/pages\/7956\/revisions"}],"predecessor-version":[{"id":10000,"href":"https:\/\/www.fredonoccitanie.com\/jevi\/wp-json\/wp\/v2\/pages\/7956\/revisions\/10000"}],"up":[{"embeddable":true,"href":"https:\/\/www.fredonoccitanie.com\/jevi\/wp-json\/wp\/v2\/pages\/7939"}],"wp:attachment":[{"href":"https:\/\/www.fredonoccitanie.com\/jevi\/wp-json\/wp\/v2\/media?parent=7956"}],"curies":[{"name":"wp","href":"https:\/\/api.w.org\/{rel}","templated":true}]}}

<style type="text/css" data-created_by="avia_inline_auto" id="style-css-av-12620k-a1edcddb56df6e02b978116ac2ab858d">
.flex_column.av-12620k-a1edcddb56df6e02b978116ac2ab858d{
border-radius:0px 0px 0px 0px;
padding:0px 0px 0px 0px;
}
</style>
<div  class='flex_column av-12620k-a1edcddb56df6e02b978116ac2ab858d av_one_full  avia-builder-el-0  el_before_av_one_fourth  avia-builder-el-first  first flex_column_div av-zero-column-padding  '     ><section  class='av_textblock_section av-kr5zjkob-8c55446e5a5f04c0126b4e0f0e65ca3a '   itemscope="itemscope" itemtype="https://schema.org/CreativeWork" ><div class='avia_textblock'  itemprop="text" ><div class="wpb_text_column wpb_content_element ">
<div class="wpb_wrapper">
<h2>Collectivités, vers une démarche alternative</h2>
</div>
</div>
</div></section></div>

<style type="text/css" data-created_by="avia_inline_auto" id="style-css-av-9ou96s-c4b0c29e499e6ac0d19f25d30eaf26da">
.flex_column.av-9ou96s-c4b0c29e499e6ac0d19f25d30eaf26da{
border-radius:0px 0px 0px 0px;
padding:0px 0px 0px 0px;
}
</style>
<div  class='flex_column av-9ou96s-c4b0c29e499e6ac0d19f25d30eaf26da av_one_fourth  avia-builder-el-2  el_after_av_one_full  el_before_av_three_fourth  first flex_column_div av-zero-column-padding  column-top-margin'     ><style type="text/css" data-created_by="avia_inline_auto" id="style-css-av-kr5zj6jj-256ef894b3dda37373bb72ca3b7c663f">
.avia-image-container.av-kr5zj6jj-256ef894b3dda37373bb72ca3b7c663f img.avia_image{
box-shadow:none;
}
.avia-image-container.av-kr5zj6jj-256ef894b3dda37373bb72ca3b7c663f .av-image-caption-overlay-center{
color:#ffffff;
}
</style>
<div  class='avia-image-container av-kr5zj6jj-256ef894b3dda37373bb72ca3b7c663f av-styling- avia-align-center  avia-builder-el-3  avia-builder-el-no-sibling '   itemprop="image" itemscope="itemscope" itemtype="https://schema.org/ImageObject" ><div class="avia-image-container-inner"><div class="avia-image-overlay-wrap"><img decoding="async" fetchpriority="high" class='wp-image-7957 avia-img-lazy-loading-not-7957 avia_image ' src="https://www.fredonoccitanie.com/jevi/wp-content/uploads/sites/2/2021/07/IMG_005-212x300-1-180x180.jpg" alt='' title='IMG_005-212x300'  height="180" width="180"  itemprop="thumbnailUrl" srcset="https://www.fredonoccitanie.com/jevi/wp-content/uploads/sites/2/2021/07/IMG_005-212x300-1-180x180.jpg 180w, https://www.fredonoccitanie.com/jevi/wp-content/uploads/sites/2/2021/07/IMG_005-212x300-1-80x80.jpg 80w, https://www.fredonoccitanie.com/jevi/wp-content/uploads/sites/2/2021/07/IMG_005-212x300-1-36x36.jpg 36w" sizes="(max-width: 180px) 100vw, 180px" /></div></div></div></div>

<style type="text/css" data-created_by="avia_inline_auto" id="style-css-av-6x1shg-21424c1783d3f1ca945a74c2150fe23a">
.flex_column.av-6x1shg-21424c1783d3f1ca945a74c2150fe23a{
border-radius:0px 0px 0px 0px;
padding:0px 0px 0px 0px;
}
</style>
<div  class='flex_column av-6x1shg-21424c1783d3f1ca945a74c2150fe23a av_three_fourth  avia-builder-el-4  el_after_av_one_fourth  el_before_av_one_full  flex_column_div av-zero-column-padding  column-top-margin'     ><section  class='av_textblock_section av-kr5zkk76-fb28f2527156e18442a8f778611748f8 '   itemscope="itemscope" itemtype="https://schema.org/CreativeWork" ><div class='avia_textblock'  itemprop="text" ><p>Les parcs, jardins et autres espaces verts constituent des lieux de vie importants pour les habitants d’une collectivité. Espace de loisirs et d’échanges pour chacun d’entre nous, il est nécessaire d’y <b>limiter les pollutions et de favoriser une gestion durable des végétaux et des espaces.</b><br />
Les traitements phytosanitaires et le désherbage chimique, réalisés par les collectivités pour un entretien toujours plus maitrisé, contribuent de manière significative à la contamination des eaux.</p>
<p>Des gestions alternatives des espaces peuvent être mises en place, en prenant en compte les objectifs de protection des ressources en eau et des populations et en respectant les obligations réglementaires.</p>
</div></section></div>

<style type="text/css" data-created_by="avia_inline_auto" id="style-css-av-5k4lpg-ad65b4ba9aadff0cb75862a89b75e950">
.flex_column.av-5k4lpg-ad65b4ba9aadff0cb75862a89b75e950{
border-radius:0px 0px 0px 0px;
padding:0px 0px 0px 0px;
}
</style>
<div  class='flex_column av-5k4lpg-ad65b4ba9aadff0cb75862a89b75e950 av_one_full  avia-builder-el-6  el_after_av_three_fourth  el_before_av_three_fourth  first flex_column_div av-zero-column-padding  column-top-margin'     ><section  class='av_textblock_section av-kr5zl06x-89112f155848b34fa1ad772b23a83426 '   itemscope="itemscope" itemtype="https://schema.org/CreativeWork" ><div class='avia_textblock'  itemprop="text" ><div class="wpb_text_column wpb_content_element ">
<div class="wpb_wrapper">
<h2>Un PAPPH ?!! C’est quoi ?…</h2>
</div>
</div>
</div></section></div>

<style type="text/css" data-created_by="avia_inline_auto" id="style-css-av-4wxc9g-4e0c3ac34bc6af6cc57348910cd13bf9">
.flex_column.av-4wxc9g-4e0c3ac34bc6af6cc57348910cd13bf9{
border-radius:0px 0px 0px 0px;
padding:0px 0px 0px 0px;
}
</style>
<div  class='flex_column av-4wxc9g-4e0c3ac34bc6af6cc57348910cd13bf9 av_three_fourth  avia-builder-el-8  el_after_av_one_full  el_before_av_one_fourth  first flex_column_div av-zero-column-padding  column-top-margin'     ><section  class='av_textblock_section av-kr5zn0fe-6afd850be319339033d491da2681717d '   itemscope="itemscope" itemtype="https://schema.org/CreativeWork" ><div class='avia_textblock'  itemprop="text" ><div class="wpb_text_column wpb_content_element ">
<div class="wpb_wrapper">
<p>Il établit une g<strong>estion raisonnée des opérations de désherbage, lutte contre les nuisibles et gestions horticoles, dans un objectif d’atteinte, à terme, d’une gestion sans pesticides, ni engrais chimiques !</strong></p>
<p>Cet outil permet aux gestionnaires d’espaces publics (espaces verts et voiries) de <strong>déterminer les sites prioritaires où l’application de produits phytosanitaires doit être abandonnée en raison des risques de pollution des eaux qu’elle peut entraîner.</strong></p>
<p>Il propose ensuite, en fonction des objectifs d’entretien et de l’usage de chaque espace,<strong> des solutions d’entretien adaptées (techniques alternatives préventives et curatives au désherbage chimique).</strong></p>
<p>Il permet également de faire évoluer notre acceptation vis-à-vis de la végétation spontanée.</p>
</div>
</div>
</div></section><br />
<div  class='avia-button-wrap av-kr5zqilw-6597c4b99e748cae716800d3ec5079b1-wrap avia-button-center  avia-builder-el-10  el_after_av_textblock  avia-builder-el-last '><a href='https://www.fredonoccitanie.com/jevi/wp-content/uploads/sites/2/2021/07/engagements2020.pdf'  class='avia-button av-kr5zqilw-6597c4b99e748cae716800d3ec5079b1 av-link-btn avia-icon_select-no avia-size-small avia-position-center avia-color-theme-color'  target="_blank"  rel="noopener noreferrer"  aria-label="Voir la carte des engagements des collectivités"><span class='avia_iconbox_title' >Voir la carte des engagements des collectivités</span></a></div></p></div>

<style type="text/css" data-created_by="avia_inline_auto" id="style-css-av-2c8sis-811571f27b3a409257e0d1ba8cf4f032">
.flex_column.av-2c8sis-811571f27b3a409257e0d1ba8cf4f032{
border-radius:0px 0px 0px 0px;
padding:0px 0px 0px 0px;
}
</style>
<div  class='flex_column av-2c8sis-811571f27b3a409257e0d1ba8cf4f032 av_one_fourth  avia-builder-el-11  el_after_av_three_fourth  avia-builder-el-last  flex_column_div av-zero-column-padding  column-top-margin'     ><section  class='av_textblock_section av-kr5zsesu-cea0771ebe8c9d4858d1a27ed3730735 '   itemscope="itemscope" itemtype="https://schema.org/CreativeWork" ><div class='avia_textblock'  itemprop="text" ><h3>Des modèles de cahiers des charges</h3>
<p><em>La FREDON Occitanie met à votre disposition des modèles de cahiers des charges modifiables, vous permettant de réaliser ou faire réaliser votre étude.</em></p>
<ul>
<li><a href="https://www.fredonoccitanie.com/jevi/wp-content/uploads/sites/2/2021/07/CCTP_PAPPH_General.doc" target="_blank" rel="noopener noreferrer">Communes &gt;500 habitants ou interco</a></li>
<li>Communes &lt;500 habitants
<ul>
<li><a href="https://www.fredonoccitanie.com/jevi/wp-content/uploads/sites/2/2021/07/GuidePAPPHCommMoins500hab.docx">Guide</a></li>
<li><a href="https://www.fredonoccitanie.com/jevi/wp-content/uploads/sites/2/2021/07/Exempleredaction_inf500hab.docx">Exemple de rédaction</a></li>
</ul>
</li>
<li style="list-style-type: none;">
<ul>
<li><a href="https://www.fredonoccitanie.com/jevi/wp-content/uploads/sites/2/2021/07/Diag_CommLabellisees.docx" target="_blank" rel="noopener noreferrer">Communes labellisées dans la charte régionale</a></li>
<li><a href="https://www.fredonoccitanie.com/jevi/wp-content/uploads/sites/2/2021/07/guide_methodologique_Campings.doc">Hôtellerie de plein air</a></li>
</ul>
</li>
</ul>
<p>Liste des prestataires</p>
<ul>
<li><a href="https://www.fredonoccitanie.com/jevi/wp-content/uploads/sites/2/2021/07/ListeBE_PAPPH.pdf" target="_blank" rel="noopener noreferrer">Télécharger la liste</a></li>
</ul>
</div></section></div>
