{"id":1975,"date":"2023-06-05T12:37:57","date_gmt":"2023-06-05T10:37:57","guid":{"rendered":"https:\/\/www.fredonoccitanie.com\/ambroisies\/?page_id=1975"},"modified":"2023-10-25T09:46:02","modified_gmt":"2023-10-25T07:46:02","slug":"luttons-ensemble","status":"publish","type":"page","link":"https:\/\/www.fredonoccitanie.com\/eesh\/luttons-ensemble\/","title":{"rendered":"Luttons ensemble"},"content":{"rendered":"\n<style type=\"text\/css\" data-created_by=\"avia_inline_auto\" id=\"style-css-av-2756yv-678af5f2ef8beded9e726780990e48ce\">\n.flex_column.av-2756yv-678af5f2ef8beded9e726780990e48ce{\nborder-radius:0px 0px 0px 0px;\npadding:0px 0px 0px 0px;\n}\n<\/style>\n<div  class='flex_column av-2756yv-678af5f2ef8beded9e726780990e48ce av_one_full  avia-builder-el-0  avia-builder-el-no-sibling  first flex_column_div av-zero-column-padding  '     ><section  class='av_textblock_section av-lijy9xx3-60bfe9fc00a5d6a589d3091818952903 '   itemscope=\"itemscope\" itemtype=\"https:\/\/schema.org\/CreativeWork\" ><div class='avia_textblock'  itemprop=\"text\" ><p style=\"text-align: center\"><strong><em>Cliquez sur l\u2019ic\u00f4ne de votre choix pour acc\u00e9der \u00e0 la page correspondante<\/em><\/strong><\/p>\n<\/div><\/section><br \/>\n\n<style type=\"text\/css\" data-created_by=\"avia_inline_auto\" id=\"style-css-av-liel6ly0-7e81b36cfe8bec5407e85535ff2dc9bd\">\n.avia-icon-grid-container.av-liel6ly0-7e81b36cfe8bec5407e85535ff2dc9bd .avia-icongrid{\njustify-content:space-between;\n}\n.avia-icon-grid-container.av-liel6ly0-7e81b36cfe8bec5407e85535ff2dc9bd .avia-icongrid-wrapper .avia-icongrid-content{\nbackground-color:#d1dae6;\n}\n.avia-icon-grid-container.av-liel6ly0-7e81b36cfe8bec5407e85535ff2dc9bd .avia-icongrid-wrapper .avia-icongrid-flipback{\nbackground-color:#d1dae6;\n}\n<\/style>\n<div  class='avia-icon-grid-container av-liel6ly0-7e81b36cfe8bec5407e85535ff2dc9bd  avia-builder-el-2  el_after_av_textblock  avia-builder-el-last ' ><ul id='avia-icongrid-69f3567d9bed2' class='avia-icongrid clearfix avia_animate_when_almost_visible avia-icongrid-flipbox avia-icongrid-numrow-4 avia-cell-space-between av-flex-cells av-break-767 av-can-break-50'>\n<li class='av-icon-cell-item av-row-with-4-cells av-row-nr-1 av-cell-1 av-first-cell-row av-first-cell-item'><a href='https:\/\/www.fredonoccitanie.com\/ambroisies\/le-referent\/' title='Le R\u00e9f\u00e9rent'  target=\"_blank\"  rel=\"noopener noreferrer\" class='avia-icongrid-wrapper av-lielhybh-76298580849baec2db19f0e7e1bd88b0'><article class='article-icon-entry '  itemscope=\"itemscope\" itemtype=\"https:\/\/schema.org\/CreativeWork\" ><div class='avia-icongrid-front '><div class=\"avia-icongrid-inner\"><div class='avia-icongrid-icon'><span class='icongrid-char avia-iconfont avia-font-entypo-fontello' data-av_icon='\ue80a' data-av_iconfont='entypo-fontello' ><\/span><\/div><header class=\"entry-content-header\" aria-label=\"Ic\u00f4ne : Le R\u00e9f\u00e9rent\"><h4 class='av_icongrid_title icongrid_title '  itemprop=\"headline\" >Le R\u00e9f\u00e9rent<\/h4><\/header><\/div><\/div><div class='avia-icongrid-flipback '><div class=\"avia-icongrid-inner\"><div class='avia-icongrid-text'  itemprop=\"text\" ><h5 style=\"text-align: center\"><strong>Vous \u00eates r\u00e9f\u00e9rents et vous ne savez pas o\u00f9 vous orienter ?<\/strong><\/h5>\n<p style=\"text-align: center\">Retrouver ici des <strong>ressources photos, vid\u00e9os, documentations, communication<\/strong>, &#8230;etc. pour faciliter votre r\u00f4le au sein de votre commune ou inter-communalit\u00e9.<\/p>\n<\/div><\/div><\/div><\/article><\/a><\/li>\n<li class='av-icon-cell-item av-row-with-4-cells av-row-nr-1 av-cell-2 av-first-cell-row av-inner-cell-item'><a href='https:\/\/www.fredonoccitanie.com\/ambroisies\/historique\/' title='Historique'  target=\"_blank\"  rel=\"noopener noreferrer\" class='avia-icongrid-wrapper av-liel6koc-d056cf620fd498e0eb4fff3838d9b33f'><article class='article-icon-entry '  itemscope=\"itemscope\" itemtype=\"https:\/\/schema.org\/CreativeWork\" ><div class='avia-icongrid-front '><div class=\"avia-icongrid-inner\"><div class='avia-icongrid-icon'><span class='icongrid-char avia-iconfont avia-font-entypo-fontello' data-av_icon='\ue84c' data-av_iconfont='entypo-fontello' ><\/span><\/div><header class=\"entry-content-header\" aria-label=\"Ic\u00f4ne : Historique\"><h4 class='av_icongrid_title icongrid_title '  itemprop=\"headline\" >Historique<\/h4><\/header><\/div><\/div><div class='avia-icongrid-flipback '><div class=\"avia-icongrid-inner\"><div class='avia-icongrid-text'  itemprop=\"text\" ><h5 style=\"text-align: center\">Comment la lutte s&rsquo;est cr\u00e9\u00e9e en France et en r\u00e9gion Occitanie ?<\/h5>\n<p style=\"text-align: center\"><strong>National puis r\u00e9gionale<\/strong> : quelques \u00e9tapes cl\u00e9s de la lutte contre les Ambroisies<\/p>\n<\/div><\/div><\/div><\/article><\/a><\/li>\n<li class='av-icon-cell-item av-row-with-4-cells av-row-nr-1 av-cell-3 av-first-cell-row av-inner-cell-item'><a href='https:\/\/www.fredonoccitanie.com\/ambroisies\/objectifs\/' title='Objectifs et Organisation'  target=\"_blank\"  rel=\"noopener noreferrer\" class='avia-icongrid-wrapper av-lieldhcr-54b54f6cc1f16fd5af46c02c8bdce780'><article class='article-icon-entry '  itemscope=\"itemscope\" itemtype=\"https:\/\/schema.org\/CreativeWork\" ><div class='avia-icongrid-front '><div class=\"avia-icongrid-inner\"><div class='avia-icongrid-icon'><span class='icongrid-char avia-iconfont avia-font-entypo-fontello' data-av_icon='\ue864' data-av_iconfont='entypo-fontello' ><\/span><\/div><header class=\"entry-content-header\" aria-label=\"Ic\u00f4ne : Objectifs et Organisation\"><h4 class='av_icongrid_title icongrid_title '  itemprop=\"headline\" >Objectifs et Organisation<\/h4><\/header><\/div><\/div><div class='avia-icongrid-flipback '><div class=\"avia-icongrid-inner\"><div class='avia-icongrid-text'  itemprop=\"text\" ><h5 style=\"text-align: center\">Comment la lutte s&rsquo;est organis\u00e9e ?<\/h5>\n<p style=\"text-align: center\">Pr\u00e9sentation des <strong>relais d\u00e9partementaux<\/strong> et du r\u00f4le du <strong>r\u00e9f\u00e9rent territorial<\/strong>. D\u00e9finitions des <strong>objectifs de FREDON Occitanie<\/strong>.<\/p>\n<\/div><\/div><\/div><\/article><\/a><\/li>\n<li class='av-icon-cell-item av-row-with-4-cells av-row-nr-1 av-cell-4 av-first-cell-row av-last-cell-item'><a href='https:\/\/www.fredonoccitanie.com\/ambroisies\/nos-partenaires\/' title='Nos partenaires'  target=\"_blank\"  rel=\"noopener noreferrer\" class='avia-icongrid-wrapper av-lielkcr5-12c40d0585991335a5d62bf0c4f5acad'><article class='article-icon-entry '  itemscope=\"itemscope\" itemtype=\"https:\/\/schema.org\/CreativeWork\" ><div class='avia-icongrid-front '><div class=\"avia-icongrid-inner\"><div class='avia-icongrid-icon'><span class='icongrid-char avia-iconfont avia-font-entypo-fontello' data-av_icon='\ue894' data-av_iconfont='entypo-fontello' ><\/span><\/div><header class=\"entry-content-header\" aria-label=\"Ic\u00f4ne : Nos partenaires\"><h4 class='av_icongrid_title icongrid_title '  itemprop=\"headline\" >Nos partenaires<\/h4><\/header><\/div><\/div><div class='avia-icongrid-flipback '><div class=\"avia-icongrid-inner\"><div class='avia-icongrid-text'  itemprop=\"text\" ><h5 style=\"text-align: center\">Qui lutte avec FREDON Occitanie ?<\/h5>\n<p style=\"text-align: center\">Retrouvez la liste des <strong>acteurs principaux<\/strong> de la lutte contre les Ambroisies en Occitanie et en France.<\/p>\n<\/div><\/div><\/div><\/article><\/a><\/li>\n<\/ul><\/div><\/p><\/div>\n","protected":false},"excerpt":{"rendered":"","protected":false},"author":18,"featured_media":0,"parent":0,"menu_order":0,"comment_status":"closed","ping_status":"closed","template":"","meta":{"footnotes":""},"class_list":["post-1975","page","type-page","status-publish","hentry"],"_links":{"self":[{"href":"https:\/\/www.fredonoccitanie.com\/eesh\/wp-json\/wp\/v2\/pages\/1975","targetHints":{"allow":["GET"]}}],"collection":[{"href":"https:\/\/www.fredonoccitanie.com\/eesh\/wp-json\/wp\/v2\/pages"}],"about":[{"href":"https:\/\/www.fredonoccitanie.com\/eesh\/wp-json\/wp\/v2\/types\/page"}],"author":[{"embeddable":true,"href":"https:\/\/www.fredonoccitanie.com\/eesh\/wp-json\/wp\/v2\/users\/18"}],"replies":[{"embeddable":true,"href":"https:\/\/www.fredonoccitanie.com\/eesh\/wp-json\/wp\/v2\/comments?post=1975"}],"version-history":[{"count":5,"href":"https:\/\/www.fredonoccitanie.com\/eesh\/wp-json\/wp\/v2\/pages\/1975\/revisions"}],"predecessor-version":[{"id":3072,"href":"https:\/\/www.fredonoccitanie.com\/eesh\/wp-json\/wp\/v2\/pages\/1975\/revisions\/3072"}],"wp:attachment":[{"href":"https:\/\/www.fredonoccitanie.com\/eesh\/wp-json\/wp\/v2\/media?parent=1975"}],"curies":[{"name":"wp","href":"https:\/\/api.w.org\/{rel}","templated":true}]}}

<style type="text/css" data-created_by="avia_inline_auto" id="style-css-av-2756yv-678af5f2ef8beded9e726780990e48ce">
.flex_column.av-2756yv-678af5f2ef8beded9e726780990e48ce{
border-radius:0px 0px 0px 0px;
padding:0px 0px 0px 0px;
}
</style>
<div  class='flex_column av-2756yv-678af5f2ef8beded9e726780990e48ce av_one_full  avia-builder-el-0  avia-builder-el-no-sibling  first flex_column_div av-zero-column-padding  '     ><section  class='av_textblock_section av-lijy9xx3-60bfe9fc00a5d6a589d3091818952903 '   itemscope="itemscope" itemtype="https://schema.org/CreativeWork" ><div class='avia_textblock'  itemprop="text" ><p style="text-align: center"><strong><em>Cliquez sur l’icône de votre choix pour accéder à la page correspondante</em></strong></p>
</div></section><br />

<style type="text/css" data-created_by="avia_inline_auto" id="style-css-av-liel6ly0-7e81b36cfe8bec5407e85535ff2dc9bd">
.avia-icon-grid-container.av-liel6ly0-7e81b36cfe8bec5407e85535ff2dc9bd .avia-icongrid{
justify-content:space-between;
}
.avia-icon-grid-container.av-liel6ly0-7e81b36cfe8bec5407e85535ff2dc9bd .avia-icongrid-wrapper .avia-icongrid-content{
background-color:#d1dae6;
}
.avia-icon-grid-container.av-liel6ly0-7e81b36cfe8bec5407e85535ff2dc9bd .avia-icongrid-wrapper .avia-icongrid-flipback{
background-color:#d1dae6;
}
</style>
<div  class='avia-icon-grid-container av-liel6ly0-7e81b36cfe8bec5407e85535ff2dc9bd  avia-builder-el-2  el_after_av_textblock  avia-builder-el-last ' ><ul id='avia-icongrid-69f3567d9bed2' class='avia-icongrid clearfix avia_animate_when_almost_visible avia-icongrid-flipbox avia-icongrid-numrow-4 avia-cell-space-between av-flex-cells av-break-767 av-can-break-50'>
<li class='av-icon-cell-item av-row-with-4-cells av-row-nr-1 av-cell-1 av-first-cell-row av-first-cell-item'><a href='https://www.fredonoccitanie.com/ambroisies/le-referent/' title='Le Référent'  target="_blank"  rel="noopener noreferrer" class='avia-icongrid-wrapper av-lielhybh-76298580849baec2db19f0e7e1bd88b0'><article class='article-icon-entry '  itemscope="itemscope" itemtype="https://schema.org/CreativeWork" ><div class='avia-icongrid-front '><div class="avia-icongrid-inner"><div class='avia-icongrid-icon'><span class='icongrid-char avia-iconfont avia-font-entypo-fontello' data-av_icon='' data-av_iconfont='entypo-fontello' ></span></div><header class="entry-content-header" aria-label="Icône : Le Référent"><h4 class='av_icongrid_title icongrid_title '  itemprop="headline" >Le Référent</h4></header></div></div><div class='avia-icongrid-flipback '><div class="avia-icongrid-inner"><div class='avia-icongrid-text'  itemprop="text" ><h5 style="text-align: center"><strong>Vous êtes référents et vous ne savez pas où vous orienter ?</strong></h5>
<p style="text-align: center">Retrouver ici des <strong>ressources photos, vidéos, documentations, communication</strong>, &#8230;etc. pour faciliter votre rôle au sein de votre commune ou inter-communalité.</p>
</div></div></div></article></a></li>
<li class='av-icon-cell-item av-row-with-4-cells av-row-nr-1 av-cell-2 av-first-cell-row av-inner-cell-item'><a href='https://www.fredonoccitanie.com/ambroisies/historique/' title='Historique'  target="_blank"  rel="noopener noreferrer" class='avia-icongrid-wrapper av-liel6koc-d056cf620fd498e0eb4fff3838d9b33f'><article class='article-icon-entry '  itemscope="itemscope" itemtype="https://schema.org/CreativeWork" ><div class='avia-icongrid-front '><div class="avia-icongrid-inner"><div class='avia-icongrid-icon'><span class='icongrid-char avia-iconfont avia-font-entypo-fontello' data-av_icon='' data-av_iconfont='entypo-fontello' ></span></div><header class="entry-content-header" aria-label="Icône : Historique"><h4 class='av_icongrid_title icongrid_title '  itemprop="headline" >Historique</h4></header></div></div><div class='avia-icongrid-flipback '><div class="avia-icongrid-inner"><div class='avia-icongrid-text'  itemprop="text" ><h5 style="text-align: center">Comment la lutte s&rsquo;est créée en France et en région Occitanie ?</h5>
<p style="text-align: center"><strong>National puis régionale</strong> : quelques étapes clés de la lutte contre les Ambroisies</p>
</div></div></div></article></a></li>
<li class='av-icon-cell-item av-row-with-4-cells av-row-nr-1 av-cell-3 av-first-cell-row av-inner-cell-item'><a href='https://www.fredonoccitanie.com/ambroisies/objectifs/' title='Objectifs et Organisation'  target="_blank"  rel="noopener noreferrer" class='avia-icongrid-wrapper av-lieldhcr-54b54f6cc1f16fd5af46c02c8bdce780'><article class='article-icon-entry '  itemscope="itemscope" itemtype="https://schema.org/CreativeWork" ><div class='avia-icongrid-front '><div class="avia-icongrid-inner"><div class='avia-icongrid-icon'><span class='icongrid-char avia-iconfont avia-font-entypo-fontello' data-av_icon='' data-av_iconfont='entypo-fontello' ></span></div><header class="entry-content-header" aria-label="Icône : Objectifs et Organisation"><h4 class='av_icongrid_title icongrid_title '  itemprop="headline" >Objectifs et Organisation</h4></header></div></div><div class='avia-icongrid-flipback '><div class="avia-icongrid-inner"><div class='avia-icongrid-text'  itemprop="text" ><h5 style="text-align: center">Comment la lutte s&rsquo;est organisée ?</h5>
<p style="text-align: center">Présentation des <strong>relais départementaux</strong> et du rôle du <strong>référent territorial</strong>. Définitions des <strong>objectifs de FREDON Occitanie</strong>.</p>
</div></div></div></article></a></li>
<li class='av-icon-cell-item av-row-with-4-cells av-row-nr-1 av-cell-4 av-first-cell-row av-last-cell-item'><a href='https://www.fredonoccitanie.com/ambroisies/nos-partenaires/' title='Nos partenaires'  target="_blank"  rel="noopener noreferrer" class='avia-icongrid-wrapper av-lielkcr5-12c40d0585991335a5d62bf0c4f5acad'><article class='article-icon-entry '  itemscope="itemscope" itemtype="https://schema.org/CreativeWork" ><div class='avia-icongrid-front '><div class="avia-icongrid-inner"><div class='avia-icongrid-icon'><span class='icongrid-char avia-iconfont avia-font-entypo-fontello' data-av_icon='' data-av_iconfont='entypo-fontello' ></span></div><header class="entry-content-header" aria-label="Icône : Nos partenaires"><h4 class='av_icongrid_title icongrid_title '  itemprop="headline" >Nos partenaires</h4></header></div></div><div class='avia-icongrid-flipback '><div class="avia-icongrid-inner"><div class='avia-icongrid-text'  itemprop="text" ><h5 style="text-align: center">Qui lutte avec FREDON Occitanie ?</h5>
<p style="text-align: center">Retrouvez la liste des <strong>acteurs principaux</strong> de la lutte contre les Ambroisies en Occitanie et en France.</p>
</div></div></div></article></a></li>
</ul></div></p></div>
