{"id":1744,"date":"2023-06-05T12:41:31","date_gmt":"2023-06-05T10:41:31","guid":{"rendered":"https:\/\/www.fredonoccitanie.com\/ambroisies\/?page_id=1744"},"modified":"2023-10-09T13:58:39","modified_gmt":"2023-10-09T11:58:39","slug":"historique","status":"publish","type":"page","link":"https:\/\/www.fredonoccitanie.com\/eesh\/historique\/","title":{"rendered":"Historique"},"content":{"rendered":"\n<style type=\"text\/css\" data-created_by=\"avia_inline_auto\" id=\"style-css-av-crqbj4-c8a680d89c15627863ce45eb39285b84\">\n.flex_column.av-crqbj4-c8a680d89c15627863ce45eb39285b84{\nborder-radius:0px 0px 0px 0px;\npadding:0px 0px 0px 0px;\n}\n<\/style>\n<div  class='flex_column av-crqbj4-c8a680d89c15627863ce45eb39285b84 av_one_full  avia-builder-el-0  el_before_av_one_full  avia-builder-el-first  first flex_column_div av-zero-column-padding  '     ><section  class='av_textblock_section av-a8fa74-9cda189ba7e82e0831fc68ab534f8c4c '   itemscope=\"itemscope\" itemtype=\"https:\/\/schema.org\/CreativeWork\" ><div class='avia_textblock'  itemprop=\"text\" ><h1>Organisation en France<\/h1>\n<p style=\"text-align: justify\">Les Ambroisies sont des plantes produisant une tr\u00e8s grande quantit\u00e9 de pollen qui a des propri\u00e9t\u00e9s tr\u00e8s allergisantes (<a href=\"https:\/\/www.pollens.fr\/le-reseau\/les-pollens\/ambroisie\" target=\"_blank\" rel=\"noopener\">RNSA<\/a>). Devant cette forte pr\u00e9occupation et l&rsquo;augmentation du risque sanitaire, les pouvoirs publics ont commenc\u00e9 \u00e0 prendre en main la probl\u00e9matique en <strong>consolidant la r\u00e9glementation<\/strong> :<\/p>\n<\/div><\/section><\/div>\n<style type=\"text\/css\" data-created_by=\"avia_inline_auto\" id=\"style-css-av-8rwun4-d9bd920d346fd178e1e8335f2e3b4ad6\">\n.flex_column.av-8rwun4-d9bd920d346fd178e1e8335f2e3b4ad6{\nborder-radius:0px 0px 0px 0px;\npadding:0px 0px 0px 0px;\n}\n<\/style>\n<div  class='flex_column av-8rwun4-d9bd920d346fd178e1e8335f2e3b4ad6 av_one_full  avia-builder-el-2  el_after_av_one_full  el_before_av_section  avia-builder-el-last  first flex_column_div av-zero-column-padding  column-top-margin'     ><style type=\"text\/css\" data-created_by=\"avia_inline_auto\" id=\"style-css-av-7pjgpc-0aa4e2ffdb545b62da95cef5f401a006\">\n.avia-timeline-container.av-7pjgpc-0aa4e2ffdb545b62da95cef5f401a006 .av-milestone-date{\ncolor:#000000;\n}\n.avia-timeline-container.av-7pjgpc-0aa4e2ffdb545b62da95cef5f401a006 .av-milestone-icon-inner{\nbackground-color:#edae44;\n}\n.avia-timeline-container.av-7pjgpc-0aa4e2ffdb545b62da95cef5f401a006 .av-milestone-indicator{\nbackground-color:#edae44;\n}\n.avia-timeline-container.av-7pjgpc-0aa4e2ffdb545b62da95cef5f401a006 .av-milestone-article-footer{\nbackground-color:#edae44;\n}\n<\/style>\n<div  id=\"avia-timeline-1\"  class='avia-timeline-container av-7pjgpc-0aa4e2ffdb545b62da95cef5f401a006 av-slideshow-ui  avia-builder-el-3  avia-builder-el-no-sibling  avia-slideshow-carousel' avia-data-slides='3'><ul class='avia-timeline avia-timeline-horizontal av-milestone-placement-top avia-timeline-boxshadow avia_animate_when_almost_visible avia-timeline-animate'>\n<li  class='av-milestone av-6ahz0g-d53bbff4bddb32db42ebcb8d7e4b4595 av-animated-generic fade-in av-milestone-odd'><h2 class='av-milestone-date ' id='milestone-avril-2017' ><strong>Avril 2017<span class='av-milestone-indicator'><\/span><\/strong><\/h2><div class=\"av-milestone-icon-wrap\"><span class='av-milestone-icon milestone_icon avia-font-entypo-fontello'><span class='av-milestone-icon-inner milestone_inner'><i class='milestone-char avia-iconfont avia-font-entypo-fontello' data-av_icon='\ue83f' data-av_iconfont='entypo-fontello' ><\/i><\/span><\/span><\/div><article class='av-milestone-content-wrap'><div class='av-milestone-contentbox'><header class=\"entry-content-header\" aria-label=\"\u00c9tape : 1er D\u00e9cret publi\u00e9 au Journal Officiel\"><h4 class='av-milestone-title '>1er D\u00e9cret publi\u00e9 au Journal Officiel<\/h4><\/header><div class='av-milestone-content'><p>Ce d\u00e9cret vise \u00e0 <strong>renforcer la lutte contre les Ambroisies<\/strong> :<\/p>\n<ul>\n<li><strong>Pr\u00e9vention de l\u2019apparition<\/strong> de ces plantes envahissantes<\/li>\n<li><strong>Actions limitant ou interdisant l\u2019introduction, le transport et l\u2019utilisation<\/strong> de ces esp\u00e8ces v\u00e9g\u00e9tales nuisibles \u00e0 la sant\u00e9<\/li>\n<\/ul>\n<\/div><\/div><footer class='av-milestone-article-footer entry-footer'><\/footer><\/article><\/li>\n<li  class='av-milestone av-4u9tts-deadaab713b5f49b4d2487a644d2405e av-animated-generic fade-in av-milestone-even'><h2 class='av-milestone-date ' id='milestone-avril-2018' ><strong>Avril 2018<span class='av-milestone-indicator'><\/span><\/strong><\/h2><div class=\"av-milestone-icon-wrap\"><span class='av-milestone-icon milestone_icon avia-font-entypo-fontello'><span class='av-milestone-icon-inner milestone_inner'><i class='milestone-char avia-iconfont avia-font-entypo-fontello' data-av_icon='\ue8c9' data-av_iconfont='entypo-fontello' ><\/i><\/span><\/span><\/div><article class='av-milestone-content-wrap'><div class='av-milestone-contentbox'><header class=\"entry-content-header\" aria-label=\"\u00c9tape : Saisie de l\u2019ANSES par DGS\"><h4 class='av-milestone-title '>Saisie de l\u2019ANSES par DGS<\/h4><\/header><div class='av-milestone-content'><p>L&rsquo;Agence nationale de s\u00e9curit\u00e9 sanitaire de l\u2019alimentation, de l\u2019environnement et du travail (<a href=\"https:\/\/www.anses.fr\/fr\/content\/le-point-sur-les-pollens-d%E2%80%99ambroisie\" target=\"_blanck\" rel=\"noopener\">Anses<\/a>) est saisie par la Direction G\u00e9n\u00e9rale de la Sant\u00e9 (<a href=\"https:\/\/sante.gouv.fr\/sante-et-environnement\/risques-microbiologiques-physiques-et-chimiques\/especes-nuisibles-et-parasites\/article\/l-ambroisie-une-plante-sous-surveillance\" target=\"_blanck\" rel=\"noopener\">DGS<\/a>) afin de fournir un <strong>\u00e9tat des connaissances sur l\u2019impact sanitaire associ\u00e9 aux pollens de l\u2019Ambroisie \u00e0 feuilles d\u2019armoise<\/strong> (esp\u00e8ce la plus fr\u00e9quemment rencontr\u00e9e) en France : <a href=\"https:\/\/www.anses.fr\/fr\/system\/files\/AIR2018SA0088Ra.pdf\" target=\"_blanck\" rel=\"noopener\">voir expertise publi\u00e9e en d\u00e9cembre 2020<\/a><\/p>\n<\/div><\/div><footer class='av-milestone-article-footer entry-footer'><\/footer><\/article><\/li>\n<li  class='av-milestone av-2v8tcw-74324eb8c3447b7bc762b2157596fdfd av-animated-generic fade-in av-milestone-odd'><h2 class='av-milestone-date ' id='milestone-aout-2018' ><strong>Ao\u00fbt 2018<span class='av-milestone-indicator'><\/span><\/strong><\/h2><div class=\"av-milestone-icon-wrap\"><span class='av-milestone-icon milestone_icon avia-font-entypo-fontello'><span class='av-milestone-icon-inner milestone_inner'><i class='milestone-char avia-iconfont avia-font-entypo-fontello' data-av_icon='\ue8d2' data-av_iconfont='entypo-fontello' ><\/i><\/span><\/span><\/div><article class='av-milestone-content-wrap'><div class='av-milestone-contentbox'><header class=\"entry-content-header\" aria-label=\"\u00c9tape : Instruction minist\u00e9rielle aux pr\u00e9fets\"><h4 class='av-milestone-title '>Instruction minist\u00e9rielle aux pr\u00e9fets<\/h4><\/header><div class='av-milestone-content'><p>Cette instruction va <strong>encadrer l\u2019\u00e9laboration et le contenu des plans de lutte et de pr\u00e9vention territoriaux <\/strong>des Ambroisies, avec par exemple :<\/p>\n<ul>\n<li><strong>Surveillance et cartographies<\/strong> avec d\u00e9limitation des zones concern\u00e9es<\/li>\n<li>R\u00f4le du pr\u00e9fet et Mise en place d&rsquo;un <strong>r\u00e9seau de r\u00e9f\u00e9rents territoriaux<\/strong><\/li>\n<li><strong>Consultations des acteurs<\/strong> : pr\u00e9vention et formation sur les enjeux<\/li>\n<\/ul>\n<\/div><\/div><footer class='av-milestone-article-footer entry-footer'><\/footer><\/article><\/li>\n<\/ul><div class='avia-slideshow-arrows avia-slideshow-controls av-timeline-nav ' ><a href='#prev' class='prev-slide prev-slide av-timeline-nav-prev av-nav-btn avia-svg-icon avia-font-svg_entypo-fontello' data-av_svg_icon='left-open-big' data-av_iconset='svg_entypo-fontello' tabindex='-1' title=\"Pr\u00e9c\u00e9dent\"><svg version=\"1.1\" xmlns=\"http:\/\/www.w3.org\/2000\/svg\" width=\"15\" height=\"32\" viewBox=\"0 0 15 32\" preserveAspectRatio=\"xMidYMid meet\" aria-labelledby='av-svg-title-1' aria-describedby='av-svg-desc-1' role=\"graphics-symbol\" aria-hidden=\"true\">\n<title id='av-svg-title-1'>Pr\u00e9c\u00e9dent<\/title>\n<desc id='av-svg-desc-1'>Pr\u00e9c\u00e9dent<\/desc>\n<path d=\"M14.464 27.84q0.832 0.832 0 1.536-0.832 0.832-1.536 0l-12.544-12.608q-0.768-0.768 0-1.6l12.544-12.608q0.704-0.832 1.536 0 0.832 0.704 0 1.536l-11.456 11.904z\"><\/path>\n<\/svg><span class='avia_hidden_link_text'>Pr\u00e9c\u00e9dent<\/span><\/a><a href='#next' class='next-slide next-slide av-timeline-nav-next av-nav-btn avia-svg-icon avia-font-svg_entypo-fontello' data-av_svg_icon='right-open-big' data-av_iconset='svg_entypo-fontello' tabindex='-1' title=\"Suivant\"><svg version=\"1.1\" xmlns=\"http:\/\/www.w3.org\/2000\/svg\" width=\"15\" height=\"32\" viewBox=\"0 0 15 32\" preserveAspectRatio=\"xMidYMid meet\" aria-labelledby='av-svg-title-2' aria-describedby='av-svg-desc-2' role=\"graphics-symbol\" aria-hidden=\"true\">\n<title id='av-svg-title-2'>Suivant<\/title>\n<desc id='av-svg-desc-2'>Suivant<\/desc>\n<path d=\"M0.416 27.84l11.456-11.84-11.456-11.904q-0.832-0.832 0-1.536 0.832-0.832 1.536 0l12.544 12.608q0.768 0.832 0 1.6l-12.544 12.608q-0.704 0.832-1.536 0-0.832-0.704 0-1.536z\"><\/path>\n<\/svg><span class='avia_hidden_link_text'>Suivant<\/span><\/a><\/div><\/div><\/div><\/p>\n<\/div><\/div><\/div><!-- close content main div --><\/div><\/div>\n<style type=\"text\/css\" data-created_by=\"avia_inline_auto\" id=\"style-css-av-8r2eyo-db64c91c4353a56b40a2989d2dd7327b\">\n.avia-section.av-8r2eyo-db64c91c4353a56b40a2989d2dd7327b{\nbackground-color:#d1dae6;\nbackground-image:unset;\n}\n<\/style>\n<div id='av_section_1'  class='avia-section av-8r2eyo-db64c91c4353a56b40a2989d2dd7327b main_color avia-section-default avia-no-border-styling  avia-builder-el-4  el_after_av_one_full  el_before_av_one_half  avia-bg-style-scroll container_wrap fullsize'  ><div class='container av-section-cont-open' ><div class='template-page content  av-content-full alpha units'><div class='post-entry post-entry-type-page post-entry-1744'><div class='entry-content-wrapper clearfix'>\n\n<style type=\"text\/css\" data-created_by=\"avia_inline_auto\" id=\"style-css-av-7el368-57f5ccc39a0e058c0747ecde034e5486\">\n.flex_column.av-7el368-57f5ccc39a0e058c0747ecde034e5486{\nborder-radius:0px 0px 0px 0px;\npadding:0px 0px 0px 0px;\n}\n<\/style>\n<div  class='flex_column av-7el368-57f5ccc39a0e058c0747ecde034e5486 av_one_fourth  avia-builder-el-5  el_before_av_three_fourth  avia-builder-el-first  first flex_column_div av-zero-column-padding  '     ><section  class='av_textblock_section av-5smbps-a201f08458d0d3b812c62c929ea55ab0 '   itemscope=\"itemscope\" itemtype=\"https:\/\/schema.org\/CreativeWork\" ><div class='avia_textblock'  itemprop=\"text\" ><p style=\"text-align: center\"><em>R\u00e9union bord de champ \u00a9 FREDON Occitanie<\/em><\/p>\n<p><img loading=\"lazy\" decoding=\"async\" class=\"alignnone size-medium wp-image-618 aligncenter\" src=\"https:\/\/www.fredonoccitanie.com\/ambroisies\/wp-content\/uploads\/sites\/5\/2021\/10\/bg_accueil-300x153.jpg\" alt=\"\" width=\"300\" height=\"153\" srcset=\"https:\/\/www.fredonoccitanie.com\/eesh\/wp-content\/uploads\/sites\/5\/2021\/10\/bg_accueil-300x153.jpg 300w, https:\/\/www.fredonoccitanie.com\/eesh\/wp-content\/uploads\/sites\/5\/2021\/10\/bg_accueil-1030x524.jpg 1030w, https:\/\/www.fredonoccitanie.com\/eesh\/wp-content\/uploads\/sites\/5\/2021\/10\/bg_accueil-768x391.jpg 768w, https:\/\/www.fredonoccitanie.com\/eesh\/wp-content\/uploads\/sites\/5\/2021\/10\/bg_accueil-705x359.jpg 705w, https:\/\/www.fredonoccitanie.com\/eesh\/wp-content\/uploads\/sites\/5\/2021\/10\/bg_accueil.jpg 1500w\" sizes=\"auto, (max-width: 300px) 100vw, 300px\" \/><\/p>\n<\/div><\/section><\/div>\n<style type=\"text\/css\" data-created_by=\"avia_inline_auto\" id=\"style-css-av-4rfl9s-39c6c04e7f195a09ad63bd0990f96544\">\n.flex_column.av-4rfl9s-39c6c04e7f195a09ad63bd0990f96544{\nborder-radius:0px 0px 0px 0px;\npadding:0px 0px 0px 0px;\n}\n<\/style>\n<div  class='flex_column av-4rfl9s-39c6c04e7f195a09ad63bd0990f96544 av_three_fourth  avia-builder-el-7  el_after_av_one_fourth  avia-builder-el-last  flex_column_div av-zero-column-padding  '     ><section  class='av_textblock_section av-29x2gw-1bfec74880cb9fae005c6a4cb8a10495 '   itemscope=\"itemscope\" itemtype=\"https:\/\/schema.org\/CreativeWork\" ><div class='avia_textblock'  itemprop=\"text\" ><h1>Et en Occitanie&#8230;<\/h1>\n<p>En Occitanie, l\u2019Agence R\u00e9gionale de Sant\u00e9 (ARS) Occitanie a mandat\u00e9 d\u00e8s 2017 <strong>FREDON Occitanie et l\u2019URCPIE Occitanie <\/strong>(Union R\u00e9gionale des Centres Permanents d\u2019Initiatives pour l\u2019Environnement) pour appuyer la mise en \u0153uvre d\u2019une \u00ab\u00a0strat\u00e9gie r\u00e9gionale de lutte contre l\u2019Ambroisie et pr\u00e9vention des pollinoses\u00a0\u00bb sur une p\u00e9riode de 3 ans, reconduite sur une p\u00e9riode de 5 ans (2020-2024).<br \/>\n<br class=\"avia-permanent-lb\" \/><\/p>\n<blockquote>\n<p><strong>FREDON Occitanie et l&rsquo;URCPIE s&rsquo;engagent depuis 2017 dans l&rsquo;animation du projet de lutte et la coordination des actions r\u00e9gionales<br \/>\n<\/strong><\/p>\n<\/blockquote>\n<\/div><\/section><\/div><\/div><\/div><\/div><!-- close content main div --><\/div><\/div><div id='after_section_1'  class='main_color av_default_container_wrap container_wrap fullsize'  ><div class='container av-section-cont-open' ><div class='template-page content  av-content-full alpha units'><div class='post-entry post-entry-type-page post-entry-1744'><div class='entry-content-wrapper clearfix'>\n<style type=\"text\/css\" data-created_by=\"avia_inline_auto\" id=\"style-css-av-g23j4-5c2aef2fddda63befd5d7f39bf348f63\">\n.flex_column.av-g23j4-5c2aef2fddda63befd5d7f39bf348f63{\nborder-radius:0px 0px 0px 0px;\npadding:0px 0px 0px 0px;\n}\n<\/style>\n<div  class='flex_column av-g23j4-5c2aef2fddda63befd5d7f39bf348f63 av_one_half  avia-builder-el-9  el_after_av_section  el_before_av_one_half  avia-builder-el-first  first flex_column_div av-zero-column-padding  '     ><section  class='av_textblock_section av-lkgy5u64-cc4ff2a073c3f043159e9e2632de6037 '   itemscope=\"itemscope\" itemtype=\"https:\/\/schema.org\/CreativeWork\" ><div class='avia_textblock'  itemprop=\"text\" ><h1>Organisation en Occitanie<\/h1>\n<p>Pour trouver plus facilement qui sont vos interlocuteurs, vous pouvez vous r\u00e9f\u00e9rer \u00e0 la figure ci-contre :<\/p>\n<p>Des aides sont \u00e0 retrouver sur la page <a href=\"https:\/\/www.fredonoccitanie.com\/ambroisies\/le-referent\/\" target=\"_blank\" rel=\"noopener\">Le R\u00e9f\u00e9rent<\/a> qui d\u00e9taille notamment les contacts de chaque interlocuteurs mentionn\u00e9s sur la figure. N&rsquo;h\u00e9sitez pas \u00e0 <a href=\"https:\/\/www.fredonoccitanie.com\/nous-contacter\/\" target=\"_blank\" rel=\"noopener\">nous contacter<\/a> pour de plus amples informations.<\/p>\n<\/div><\/section><\/div><\/p>\n\n<style type=\"text\/css\" data-created_by=\"avia_inline_auto\" id=\"style-css-av-2w61cg-45329265b6a85677919314d96d59dbe6\">\n.flex_column.av-2w61cg-45329265b6a85677919314d96d59dbe6{\nborder-radius:0px 0px 0px 0px;\npadding:0px 0px 0px 0px;\n}\n<\/style>\n<div  class='flex_column av-2w61cg-45329265b6a85677919314d96d59dbe6 av_one_half  avia-builder-el-11  el_after_av_one_half  avia-builder-el-last  flex_column_div av-zero-column-padding  '     ><style type=\"text\/css\" data-created_by=\"avia_inline_auto\" id=\"style-css-av-lkgyld09-9359a198a1ea81159fc394a0f88fccb3\">\n.avia-image-container.av-lkgyld09-9359a198a1ea81159fc394a0f88fccb3 img.avia_image{\nbox-shadow:none;\n}\n.avia-image-container.av-lkgyld09-9359a198a1ea81159fc394a0f88fccb3 .av-image-caption-overlay-center{\ncolor:#ffffff;\n}\n<\/style>\n<div  class='avia-image-container av-lkgyld09-9359a198a1ea81159fc394a0f88fccb3 av-styling- avia-align-center  avia-builder-el-12  avia-builder-el-no-sibling '   itemprop=\"image\" itemscope=\"itemscope\" itemtype=\"https:\/\/schema.org\/ImageObject\" ><div class=\"avia-image-container-inner\"><div class=\"avia-image-overlay-wrap\"><img decoding=\"async\" fetchpriority=\"high\" class='wp-image-2530 avia-img-lazy-loading-not-2530 avia_image ' src=\"https:\/\/www.fredonoccitanie.com\/eesh\/wp-content\/uploads\/sites\/5\/2023\/07\/2023_Detail_orga_Occitanie-1030x744.jpg\" alt='' title='2023_D\u00e9tail_orga_Occitanie'  height=\"744\" width=\"1030\"  itemprop=\"thumbnailUrl\" srcset=\"https:\/\/www.fredonoccitanie.com\/eesh\/wp-content\/uploads\/sites\/5\/2023\/07\/2023_Detail_orga_Occitanie-1030x744.jpg 1030w, https:\/\/www.fredonoccitanie.com\/eesh\/wp-content\/uploads\/sites\/5\/2023\/07\/2023_Detail_orga_Occitanie-300x217.jpg 300w, https:\/\/www.fredonoccitanie.com\/eesh\/wp-content\/uploads\/sites\/5\/2023\/07\/2023_Detail_orga_Occitanie-768x555.jpg 768w, https:\/\/www.fredonoccitanie.com\/eesh\/wp-content\/uploads\/sites\/5\/2023\/07\/2023_Detail_orga_Occitanie-1536x1110.jpg 1536w, https:\/\/www.fredonoccitanie.com\/eesh\/wp-content\/uploads\/sites\/5\/2023\/07\/2023_Detail_orga_Occitanie-2048x1480.jpg 2048w, https:\/\/www.fredonoccitanie.com\/eesh\/wp-content\/uploads\/sites\/5\/2023\/07\/2023_Detail_orga_Occitanie-1500x1084.jpg 1500w, https:\/\/www.fredonoccitanie.com\/eesh\/wp-content\/uploads\/sites\/5\/2023\/07\/2023_Detail_orga_Occitanie-705x509.jpg 705w\" sizes=\"(max-width: 1030px) 100vw, 1030px\" \/><\/div><\/div><\/div><\/div>\n","protected":false},"excerpt":{"rendered":"","protected":false},"author":5,"featured_media":0,"parent":0,"menu_order":0,"comment_status":"closed","ping_status":"closed","template":"","meta":{"footnotes":""},"class_list":["post-1744","page","type-page","status-publish","hentry"],"_links":{"self":[{"href":"https:\/\/www.fredonoccitanie.com\/eesh\/wp-json\/wp\/v2\/pages\/1744","targetHints":{"allow":["GET"]}}],"collection":[{"href":"https:\/\/www.fredonoccitanie.com\/eesh\/wp-json\/wp\/v2\/pages"}],"about":[{"href":"https:\/\/www.fredonoccitanie.com\/eesh\/wp-json\/wp\/v2\/types\/page"}],"author":[{"embeddable":true,"href":"https:\/\/www.fredonoccitanie.com\/eesh\/wp-json\/wp\/v2\/users\/5"}],"replies":[{"embeddable":true,"href":"https:\/\/www.fredonoccitanie.com\/eesh\/wp-json\/wp\/v2\/comments?post=1744"}],"version-history":[{"count":5,"href":"https:\/\/www.fredonoccitanie.com\/eesh\/wp-json\/wp\/v2\/pages\/1744\/revisions"}],"predecessor-version":[{"id":3007,"href":"https:\/\/www.fredonoccitanie.com\/eesh\/wp-json\/wp\/v2\/pages\/1744\/revisions\/3007"}],"wp:attachment":[{"href":"https:\/\/www.fredonoccitanie.com\/eesh\/wp-json\/wp\/v2\/media?parent=1744"}],"curies":[{"name":"wp","href":"https:\/\/api.w.org\/{rel}","templated":true}]}}