{"id":8296,"date":"2021-07-16T15:24:35","date_gmt":"2021-07-16T13:24:35","guid":{"rendered":"https:\/\/www.fredonoccitanie.com\/captages\/?page_id=8296"},"modified":"2025-04-14T15:52:47","modified_gmt":"2025-04-14T13:52:47","slug":"organisation","status":"publish","type":"page","link":"https:\/\/www.fredonoccitanie.com\/captages\/nos-ressources\/organisation\/","title":{"rendered":"Organisation"},"content":{"rendered":"\n<style type=\"text\/css\" data-created_by=\"avia_inline_auto\" id=\"style-css-av-6uaci0-721bb3c74cba05ad0d27ef1042d4ebcf\">\n.flex_column.av-6uaci0-721bb3c74cba05ad0d27ef1042d4ebcf{\nborder-radius:0px 0px 0px 0px;\npadding:0px 0px 0px 0px;\n}\n<\/style>\n<div  class='flex_column av-6uaci0-721bb3c74cba05ad0d27ef1042d4ebcf av_one_half  avia-builder-el-0  el_before_av_one_half  avia-builder-el-first  first flex_column_div av-zero-column-padding  '     ><section  class='av_textblock_section av-kr6dcc2j-8ce4afccef1c7fca63d6e4c5c2364a3a '   itemscope=\"itemscope\" itemtype=\"https:\/\/schema.org\/CreativeWork\" ><div class='avia_textblock'  itemprop=\"text\" ><h2 class=\"vc_custom_heading\">Qui compose le r\u00e9seau ?<\/h2>\n<div class=\"wpb_text_column wpb_content_element \">\n<div class=\"wpb_wrapper\">\n<p><span class=\"TextRun SCXW262711879 BCX8\" lang=\"FR-FR\" xml:lang=\"FR-FR\" data-contrast=\"none\"><span class=\"NormalTextRun SCXW262711879 BCX8\">La d\u00e9marche <\/span><\/span><em><span class=\"TextRun SCXW262711879 BCX8\" lang=\"FR-FR\" xml:lang=\"FR-FR\" data-contrast=\"none\"><span class=\"NormalTextRun SCXW262711879 BCX8\">Captages d\u2019<\/span><\/span><\/em><span class=\"TextRun SCXW262711879 BCX8\" lang=\"FR-FR\" xml:lang=\"FR-FR\" data-contrast=\"none\"><span class=\"NormalTextRun SpellingErrorV2Themed SpellingErrorHighlight SCXW262711879 BCX8\">Eau<\/span><\/span><em><span class=\"TextRun SCXW262711879 BCX8\" lang=\"FR-FR\" xml:lang=\"FR-FR\" data-contrast=\"none\"><span class=\"NormalTextRun SpellingErrorV2Themed SpellingErrorHighlight SCXW262711879 BCX8\">ccitanie<\/span><\/span><\/em><span class=\"TextRun SCXW262711879 BCX8\" lang=\"FR-FR\" xml:lang=\"FR-FR\" data-contrast=\"none\"> est <span class=\"NormalTextRun SCXW262711879 BCX8\">d\u00e9di\u00e9<\/span><span class=\"NormalTextRun SCXW262711879 BCX8\">e \u00e0 la<\/span> <span class=\"NormalTextRun SCXW262711879 BCX8\">pr\u00e9servation <\/span><span class=\"NormalTextRun SCXW262711879 BCX8\">des captages d\u2019eau<\/span> <span class=\"NormalTextRun SCXW262711879 BCX8\">potable et<\/span><span class=\"NormalTextRun SCXW262711879 BCX8\"> \u00e0 l\u2019<\/span><span class=\"NormalTextRun SCXW262711879 BCX8\">animation de <strong>deux r<\/strong><\/span><strong><span class=\"NormalTextRun SCXW262711879 BCX8\">\u00e9seau<\/span><span class=\"NormalTextRun SCXW262711879 BCX8\">x<\/span> <span class=\"NormalTextRun SCXW262711879 BCX8\">technique<\/span><span class=\"NormalTextRun SCXW262711879 BCX8\">s<\/span><span class=\"NormalTextRun SCXW262711879 BCX8\"> en r\u00e9gion<\/span><\/strong><span class=\"NormalTextRun SCXW262711879 BCX8\"> (<\/span><span class=\"NormalTextRun SCXW262711879 BCX8\">Occitanie<\/span><span class=\"NormalTextRun SCXW262711879 BCX8\">&#8211;<\/span><span class=\"NormalTextRun SCXW262711879 BCX8\">Est<\/span><span class=\"NormalTextRun SCXW262711879 BCX8\"> et<\/span><span class=\"NormalTextRun SCXW262711879 BCX8\"> Occitanie<\/span><span class=\"NormalTextRun SCXW262711879 BCX8\">&#8211;<\/span><span class=\"NormalTextRun SCXW262711879 BCX8\">Ouest)<\/span><span class=\"NormalTextRun SCXW262711879 BCX8\">.<\/span><span class=\"NormalTextRun SCXW262711879 BCX8\"> Ils<\/span> <span class=\"NormalTextRun SCXW262711879 BCX8\">regroup<\/span><span class=\"NormalTextRun SCXW262711879 BCX8\">ent u<\/span><span class=\"NormalTextRun SCXW262711879 BCX8\">ne soixantaine d\u2019acteurs <\/span><span class=\"NormalTextRun SCXW262711879 BCX8\">qui \u0153uvrent pour <\/span><span class=\"NormalTextRun SCXW262711879 BCX8\">la<\/span> <span class=\"NormalTextRun SCXW262711879 BCX8\">reconqu\u00eate<\/span> <span class=\"NormalTextRun SCXW262711879 BCX8\">de <\/span><span class=\"NormalTextRun SCXW262711879 BCX8\">la qualit\u00e9 de<\/span><span class=\"NormalTextRun SCXW262711879 BCX8\">s ressources en <\/span><span class=\"NormalTextRun SCXW262711879 BCX8\">eau<\/span><span class=\"NormalTextRun SCXW262711879 BCX8\">,<\/span><span class=\"NormalTextRun SCXW262711879 BCX8\"> notamment<\/span><span class=\"NormalTextRun SCXW262711879 BCX8\"> sur<\/span><span class=\"NormalTextRun SCXW262711879 BCX8\"> les <\/span><span class=\"NormalTextRun SCXW262711879 BCX8\">aires de captage (<\/span><span class=\"NormalTextRun SCXW262711879 BCX8\">AAC<\/span><span class=\"NormalTextRun SCXW262711879 BCX8\">)<\/span><span class=\"NormalTextRun SCXW262711879 BCX8\">.<\/span><\/span><\/p>\n<p>Les deux r\u00e9seaux<em> Captages d\u2019<\/em>Eau<em>ccitanie<\/em> regroupent :<\/p>\n<ul>\n<li><strong>Des chefs de projet \u00ab\u00a0captage prioritaire\u00a0\u00bb<\/strong> (appel\u00e9s aussi animatrices ou animateurs captage, mais encore gestionnaires de bassin d\u2019alimentation de captage (BAC) ou \u00ab\u00a0G-BAC\u00a0\u00bb) exer\u00e7ant pour le compte d\u2019une collectivit\u00e9. Ils sont charg\u00e9s d\u2019animer un ou plusieurs programmes de reconqu\u00eate de la qualit\u00e9 des ressources en eau ;<\/li>\n<li><strong>Des animateurs agri-environnementaux<\/strong> exer\u00e7ant dans les organisations \u00e9conomiques des territoires concern\u00e9s par des AAC, dont les actions convergent avec celles des chef.fes de projet captage prioritaire ;<\/li>\n<li><strong>des r\u00e9f\u00e9rents \u00ab\u00a0eau et pollutions diffuses\u00a0\u00bb<\/strong> au sein des chambres d\u2019agriculture ;<\/li>\n<li><strong>des r\u00e9f\u00e9rents \u00ab\u00a0eau et pollutions diffuses\u00a0\u00bb<\/strong> des syndicats de bassin versant, fleuve ou rivi\u00e8re (ou EPTB).<\/li>\n<\/ul>\n<\/div>\n<\/div>\n<\/div><\/section><br \/>\n<div  class='avia-button-wrap av-krjbp32o-83b3b70ea8e132549b137c422e707e3f-wrap avia-button-center  avia-builder-el-2  el_after_av_textblock  avia-builder-el-last '><a href='https:\/\/fredonoccitanie189-my.sharepoint.com\/:x:\/g\/personal\/i_helal_fredon-occitanie_fr\/ETSNwbVHy45KhSCCwE9pWZQByNUBuYdOBBNE5UttygoKkw?e=PAQc2J'  class='avia-button av-krjbp32o-83b3b70ea8e132549b137c422e707e3f av-link-btn avia-icon_select-no avia-size-small avia-position-center avia-color-theme-color'  target=\"_blank\"  rel=\"noopener noreferrer\"  aria-label=\"Annuaire du r\u00e9seau\"><span class='avia_iconbox_title' >Annuaire du r\u00e9seau<\/span><\/a><\/div><\/p><\/div>\n\n<style type=\"text\/css\" data-created_by=\"avia_inline_auto\" id=\"style-css-av-2okwfs-41046bccaebcf2c8d5c196cd90d6aabf\">\n.flex_column.av-2okwfs-41046bccaebcf2c8d5c196cd90d6aabf{\nborder-radius:0px 0px 0px 0px;\npadding:0px 0px 0px 0px;\n}\n<\/style>\n<div  class='flex_column av-2okwfs-41046bccaebcf2c8d5c196cd90d6aabf av_one_half  avia-builder-el-3  el_after_av_one_half  el_before_av_section  avia-builder-el-last  flex_column_div av-zero-column-padding  '     ><section  class='av_textblock_section av-krjbnyuj-8d76567526a4f25fa80310a390d6a31e '   itemscope=\"itemscope\" itemtype=\"https:\/\/schema.org\/CreativeWork\" ><div class='avia_textblock'  itemprop=\"text\" ><h2 class=\"vc_custom_heading\">En quoi consiste la d\u00e9marche Captages d&rsquo;eauccitanie?<\/h2>\n<div class=\"wpb_text_column wpb_content_element \">\n<div class=\"wpb_wrapper\">\n<p>C\u2019est un programme de formations, d\u2019\u00e9changes, d\u2019informations et de coop\u00e9ration \u00e0 destination des acteurs \u0153uvrant pour <strong>la pr\u00e9servation de la ressource en eau sur le plan qualitatif<\/strong>.<\/p>\n<p>Il s\u2019agit \u00e9galement d\u2019un r\u00e9seau th\u00e9matique pour am\u00e9liorer la protection de la qualit\u00e9 de l\u2019eau et notamment des aires d\u2019alimentation de captages sur le territoire de la r\u00e9gion Occitanie.<\/p>\n<p>Il est coordonn\u00e9 par la FREDON Occitanie et pilot\u00e9 par un comit\u00e9 de structures impliqu\u00e9es dans la p\u00e9rennisation de la gestion p\u00e9renne de la ressource en eau.<\/p>\n<p>La d\u00e9marche est anim\u00e9e par <a href=\"https:\/\/www.fredonoccitanie.com\/captages\/nous-contacter\/\">deux animatrices<\/a> qui interviennent respectivement \u00e0 l&rsquo;Est de la r\u00e9gion sur le bassin Rh\u00f4ne M\u00e9diterrann\u00e9e Corse et \u00e0 l&rsquo;Ouest sur le bassin Adour-Garonne.<\/p>\n<\/div>\n<\/div>\n<h2 class=\"vc_custom_heading\">Quels sont nos objectifs ?<\/h2>\n<div class=\"wpb_text_column wpb_content_element \">\n<div class=\"wpb_wrapper\">\n<p>L\u2019objectif sp\u00e9cifique de notre d\u00e9marche est de renforcer les capacit\u00e9s et les comp\u00e9tences des acteurs de la pr\u00e9servation de la qualit\u00e9 de l\u2019eau (collectivit\u00e9s, op\u00e9rateurs \u00e9conomiques, structures de gestion de bassins versants, etc.) par la formation, le transfert d&rsquo;exp\u00e9riences, la mutualisation des moyens et des savoir-faire, la d\u00e9fense des int\u00e9r\u00eats communs.<\/p>\n<\/div>\n<\/div>\n<\/div><\/section><\/div>\n<\/div><\/div><\/div><!-- close content main div --><\/div><\/div>\n<style type=\"text\/css\" data-created_by=\"avia_inline_auto\" id=\"style-css-av-krjbsyvl-a7b013b63eb682bca39a9ea65ff2d19e\">\n.avia-section.av-krjbsyvl-a7b013b63eb682bca39a9ea65ff2d19e{\nbackground-color:#f8ead4;\nbackground-image:unset;\n}\n<\/style>\n<div id='av_section_1'  class='avia-section av-krjbsyvl-a7b013b63eb682bca39a9ea65ff2d19e main_color avia-section-default avia-no-border-styling  avia-builder-el-5  el_after_av_one_half  avia-builder-el-last  avia-bg-style-scroll container_wrap fullsize'  ><div class='container av-section-cont-open' ><div class='template-page content  av-content-full alpha units'><div class='post-entry post-entry-type-page post-entry-8296'><div class='entry-content-wrapper clearfix'>\n\n<style type=\"text\/css\" data-created_by=\"avia_inline_auto\" id=\"style-css-av-57zky0-fdfb4c6994eb5369885999c5f0654251\">\n.flex_column.av-57zky0-fdfb4c6994eb5369885999c5f0654251{\nborder-radius:0px 0px 0px 0px;\npadding:0px 0px 0px 0px;\n}\n<\/style>\n<div  class='flex_column av-57zky0-fdfb4c6994eb5369885999c5f0654251 av_one_full  avia-builder-el-6  avia-builder-el-no-sibling  first flex_column_div av-zero-column-padding  '     ><style type=\"text\/css\" data-created_by=\"avia_inline_auto\" id=\"style-css-av-krjbvaod-5c135f4e5dd05778ee9cde6804862a44\">\n#top .av_textblock_section.av-krjbvaod-5c135f4e5dd05778ee9cde6804862a44 .avia_textblock{\ncolor:#ffffff;\n}\n<\/style>\n<section  class='av_textblock_section av-krjbvaod-5c135f4e5dd05778ee9cde6804862a44 '   itemscope=\"itemscope\" itemtype=\"https:\/\/schema.org\/CreativeWork\" ><div class='avia_textblock bloc_infos av_inherit_color'  itemprop=\"text\" ><h2>Contact<\/h2>\n<div>Deux animatrices de la d\u00e9marche <em>Captages d\u2019<\/em>Eau<em>ccitanie<\/em><\/div>\n<div>Les contacter <a href=\"https:\/\/www.fredonoccitanie.com\/captages\/nous-contacter\/\">ici<\/a><\/div>\n<div><\/div>\n<\/div><\/section><\/div>\n","protected":false},"excerpt":{"rendered":"","protected":false},"author":1,"featured_media":0,"parent":28,"menu_order":2,"comment_status":"closed","ping_status":"closed","template":"","meta":{"footnotes":""},"class_list":["post-8296","page","type-page","status-publish","hentry"],"_links":{"self":[{"href":"https:\/\/www.fredonoccitanie.com\/captages\/wp-json\/wp\/v2\/pages\/8296","targetHints":{"allow":["GET"]}}],"collection":[{"href":"https:\/\/www.fredonoccitanie.com\/captages\/wp-json\/wp\/v2\/pages"}],"about":[{"href":"https:\/\/www.fredonoccitanie.com\/captages\/wp-json\/wp\/v2\/types\/page"}],"author":[{"embeddable":true,"href":"https:\/\/www.fredonoccitanie.com\/captages\/wp-json\/wp\/v2\/users\/1"}],"replies":[{"embeddable":true,"href":"https:\/\/www.fredonoccitanie.com\/captages\/wp-json\/wp\/v2\/comments?post=8296"}],"version-history":[{"count":5,"href":"https:\/\/www.fredonoccitanie.com\/captages\/wp-json\/wp\/v2\/pages\/8296\/revisions"}],"predecessor-version":[{"id":11409,"href":"https:\/\/www.fredonoccitanie.com\/captages\/wp-json\/wp\/v2\/pages\/8296\/revisions\/11409"}],"up":[{"embeddable":true,"href":"https:\/\/www.fredonoccitanie.com\/captages\/wp-json\/wp\/v2\/pages\/28"}],"wp:attachment":[{"href":"https:\/\/www.fredonoccitanie.com\/captages\/wp-json\/wp\/v2\/media?parent=8296"}],"curies":[{"name":"wp","href":"https:\/\/api.w.org\/{rel}","templated":true}]}}

<style type="text/css" data-created_by="avia_inline_auto" id="style-css-av-6uaci0-721bb3c74cba05ad0d27ef1042d4ebcf">
.flex_column.av-6uaci0-721bb3c74cba05ad0d27ef1042d4ebcf{
border-radius:0px 0px 0px 0px;
padding:0px 0px 0px 0px;
}
</style>
<div  class='flex_column av-6uaci0-721bb3c74cba05ad0d27ef1042d4ebcf av_one_half  avia-builder-el-0  el_before_av_one_half  avia-builder-el-first  first flex_column_div av-zero-column-padding  '     ><section  class='av_textblock_section av-kr6dcc2j-8ce4afccef1c7fca63d6e4c5c2364a3a '   itemscope="itemscope" itemtype="https://schema.org/CreativeWork" ><div class='avia_textblock'  itemprop="text" ><h2 class="vc_custom_heading">Qui compose le réseau ?</h2>
<div class="wpb_text_column wpb_content_element ">
<div class="wpb_wrapper">
<p><span class="TextRun SCXW262711879 BCX8" lang="FR-FR" xml:lang="FR-FR" data-contrast="none"><span class="NormalTextRun SCXW262711879 BCX8">La démarche </span></span><em><span class="TextRun SCXW262711879 BCX8" lang="FR-FR" xml:lang="FR-FR" data-contrast="none"><span class="NormalTextRun SCXW262711879 BCX8">Captages d’</span></span></em><span class="TextRun SCXW262711879 BCX8" lang="FR-FR" xml:lang="FR-FR" data-contrast="none"><span class="NormalTextRun SpellingErrorV2Themed SpellingErrorHighlight SCXW262711879 BCX8">Eau</span></span><em><span class="TextRun SCXW262711879 BCX8" lang="FR-FR" xml:lang="FR-FR" data-contrast="none"><span class="NormalTextRun SpellingErrorV2Themed SpellingErrorHighlight SCXW262711879 BCX8">ccitanie</span></span></em><span class="TextRun SCXW262711879 BCX8" lang="FR-FR" xml:lang="FR-FR" data-contrast="none"> est <span class="NormalTextRun SCXW262711879 BCX8">dédié</span><span class="NormalTextRun SCXW262711879 BCX8">e à la</span> <span class="NormalTextRun SCXW262711879 BCX8">préservation </span><span class="NormalTextRun SCXW262711879 BCX8">des captages d’eau</span> <span class="NormalTextRun SCXW262711879 BCX8">potable et</span><span class="NormalTextRun SCXW262711879 BCX8"> à l’</span><span class="NormalTextRun SCXW262711879 BCX8">animation de <strong>deux r</strong></span><strong><span class="NormalTextRun SCXW262711879 BCX8">éseau</span><span class="NormalTextRun SCXW262711879 BCX8">x</span> <span class="NormalTextRun SCXW262711879 BCX8">technique</span><span class="NormalTextRun SCXW262711879 BCX8">s</span><span class="NormalTextRun SCXW262711879 BCX8"> en région</span></strong><span class="NormalTextRun SCXW262711879 BCX8"> (</span><span class="NormalTextRun SCXW262711879 BCX8">Occitanie</span><span class="NormalTextRun SCXW262711879 BCX8">&#8211;</span><span class="NormalTextRun SCXW262711879 BCX8">Est</span><span class="NormalTextRun SCXW262711879 BCX8"> et</span><span class="NormalTextRun SCXW262711879 BCX8"> Occitanie</span><span class="NormalTextRun SCXW262711879 BCX8">&#8211;</span><span class="NormalTextRun SCXW262711879 BCX8">Ouest)</span><span class="NormalTextRun SCXW262711879 BCX8">.</span><span class="NormalTextRun SCXW262711879 BCX8"> Ils</span> <span class="NormalTextRun SCXW262711879 BCX8">regroup</span><span class="NormalTextRun SCXW262711879 BCX8">ent u</span><span class="NormalTextRun SCXW262711879 BCX8">ne soixantaine d’acteurs </span><span class="NormalTextRun SCXW262711879 BCX8">qui œuvrent pour </span><span class="NormalTextRun SCXW262711879 BCX8">la</span> <span class="NormalTextRun SCXW262711879 BCX8">reconquête</span> <span class="NormalTextRun SCXW262711879 BCX8">de </span><span class="NormalTextRun SCXW262711879 BCX8">la qualité de</span><span class="NormalTextRun SCXW262711879 BCX8">s ressources en </span><span class="NormalTextRun SCXW262711879 BCX8">eau</span><span class="NormalTextRun SCXW262711879 BCX8">,</span><span class="NormalTextRun SCXW262711879 BCX8"> notamment</span><span class="NormalTextRun SCXW262711879 BCX8"> sur</span><span class="NormalTextRun SCXW262711879 BCX8"> les </span><span class="NormalTextRun SCXW262711879 BCX8">aires de captage (</span><span class="NormalTextRun SCXW262711879 BCX8">AAC</span><span class="NormalTextRun SCXW262711879 BCX8">)</span><span class="NormalTextRun SCXW262711879 BCX8">.</span></span></p>
<p>Les deux réseaux<em> Captages d’</em>Eau<em>ccitanie</em> regroupent :</p>
<ul>
<li><strong>Des chefs de projet « captage prioritaire »</strong> (appelés aussi animatrices ou animateurs captage, mais encore gestionnaires de bassin d’alimentation de captage (BAC) ou « G-BAC ») exerçant pour le compte d’une collectivité. Ils sont chargés d’animer un ou plusieurs programmes de reconquête de la qualité des ressources en eau ;</li>
<li><strong>Des animateurs agri-environnementaux</strong> exerçant dans les organisations économiques des territoires concernés par des AAC, dont les actions convergent avec celles des chef.fes de projet captage prioritaire ;</li>
<li><strong>des référents « eau et pollutions diffuses »</strong> au sein des chambres d’agriculture ;</li>
<li><strong>des référents « eau et pollutions diffuses »</strong> des syndicats de bassin versant, fleuve ou rivière (ou EPTB).</li>
</ul>
</div>
</div>
</div></section><br />
<div  class='avia-button-wrap av-krjbp32o-83b3b70ea8e132549b137c422e707e3f-wrap avia-button-center  avia-builder-el-2  el_after_av_textblock  avia-builder-el-last '><a href='https://fredonoccitanie189-my.sharepoint.com/:x:/g/personal/i_helal_fredon-occitanie_fr/ETSNwbVHy45KhSCCwE9pWZQByNUBuYdOBBNE5UttygoKkw?e=PAQc2J'  class='avia-button av-krjbp32o-83b3b70ea8e132549b137c422e707e3f av-link-btn avia-icon_select-no avia-size-small avia-position-center avia-color-theme-color'  target="_blank"  rel="noopener noreferrer"  aria-label="Annuaire du réseau"><span class='avia_iconbox_title' >Annuaire du réseau</span></a></div></p></div>

<style type="text/css" data-created_by="avia_inline_auto" id="style-css-av-2okwfs-41046bccaebcf2c8d5c196cd90d6aabf">
.flex_column.av-2okwfs-41046bccaebcf2c8d5c196cd90d6aabf{
border-radius:0px 0px 0px 0px;
padding:0px 0px 0px 0px;
}
</style>
<div  class='flex_column av-2okwfs-41046bccaebcf2c8d5c196cd90d6aabf av_one_half  avia-builder-el-3  el_after_av_one_half  el_before_av_section  avia-builder-el-last  flex_column_div av-zero-column-padding  '     ><section  class='av_textblock_section av-krjbnyuj-8d76567526a4f25fa80310a390d6a31e '   itemscope="itemscope" itemtype="https://schema.org/CreativeWork" ><div class='avia_textblock'  itemprop="text" ><h2 class="vc_custom_heading">En quoi consiste la démarche Captages d&rsquo;eauccitanie?</h2>
<div class="wpb_text_column wpb_content_element ">
<div class="wpb_wrapper">
<p>C’est un programme de formations, d’échanges, d’informations et de coopération à destination des acteurs œuvrant pour <strong>la préservation de la ressource en eau sur le plan qualitatif</strong>.</p>
<p>Il s’agit également d’un réseau thématique pour améliorer la protection de la qualité de l’eau et notamment des aires d’alimentation de captages sur le territoire de la région Occitanie.</p>
<p>Il est coordonné par la FREDON Occitanie et piloté par un comité de structures impliquées dans la pérennisation de la gestion pérenne de la ressource en eau.</p>
<p>La démarche est animée par <a href="https://www.fredonoccitanie.com/captages/nous-contacter/">deux animatrices</a> qui interviennent respectivement à l&rsquo;Est de la région sur le bassin Rhône Méditerrannée Corse et à l&rsquo;Ouest sur le bassin Adour-Garonne.</p>
</div>
</div>
<h2 class="vc_custom_heading">Quels sont nos objectifs ?</h2>
<div class="wpb_text_column wpb_content_element ">
<div class="wpb_wrapper">
<p>L’objectif spécifique de notre démarche est de renforcer les capacités et les compétences des acteurs de la préservation de la qualité de l’eau (collectivités, opérateurs économiques, structures de gestion de bassins versants, etc.) par la formation, le transfert d&rsquo;expériences, la mutualisation des moyens et des savoir-faire, la défense des intérêts communs.</p>
</div>
</div>
</div></section></div>
</div></div></div><!-- close content main div --></div></div>
<style type="text/css" data-created_by="avia_inline_auto" id="style-css-av-krjbsyvl-a7b013b63eb682bca39a9ea65ff2d19e">
.avia-section.av-krjbsyvl-a7b013b63eb682bca39a9ea65ff2d19e{
background-color:#f8ead4;
background-image:unset;
}
</style>
<div id='av_section_1'  class='avia-section av-krjbsyvl-a7b013b63eb682bca39a9ea65ff2d19e main_color avia-section-default avia-no-border-styling  avia-builder-el-5  el_after_av_one_half  avia-builder-el-last  avia-bg-style-scroll container_wrap fullsize'  ><div class='container av-section-cont-open' ><div class='template-page content  av-content-full alpha units'><div class='post-entry post-entry-type-page post-entry-8296'><div class='entry-content-wrapper clearfix'>

<style type="text/css" data-created_by="avia_inline_auto" id="style-css-av-57zky0-fdfb4c6994eb5369885999c5f0654251">
.flex_column.av-57zky0-fdfb4c6994eb5369885999c5f0654251{
border-radius:0px 0px 0px 0px;
padding:0px 0px 0px 0px;
}
</style>
<div  class='flex_column av-57zky0-fdfb4c6994eb5369885999c5f0654251 av_one_full  avia-builder-el-6  avia-builder-el-no-sibling  first flex_column_div av-zero-column-padding  '     ><style type="text/css" data-created_by="avia_inline_auto" id="style-css-av-krjbvaod-5c135f4e5dd05778ee9cde6804862a44">
#top .av_textblock_section.av-krjbvaod-5c135f4e5dd05778ee9cde6804862a44 .avia_textblock{
color:#ffffff;
}
</style>
<section  class='av_textblock_section av-krjbvaod-5c135f4e5dd05778ee9cde6804862a44 '   itemscope="itemscope" itemtype="https://schema.org/CreativeWork" ><div class='avia_textblock bloc_infos av_inherit_color'  itemprop="text" ><h2>Contact</h2>
<div>Deux animatrices de la démarche <em>Captages d’</em>Eau<em>ccitanie</em></div>
<div>Les contacter <a href="https://www.fredonoccitanie.com/captages/nous-contacter/">ici</a></div>
<div></div>
</div></section></div>
